{"id":8455,"date":"2019-06-13T17:06:35","date_gmt":"2019-06-13T15:06:35","guid":{"rendered":"https:\/\/www.hugorodriguez.com\/blog\/?page_id=8455"},"modified":"2019-06-13T17:06:35","modified_gmt":"2019-06-13T15:06:35","slug":"3d-lut-creator-el-editor-fotografico-del-futuro","status":"publish","type":"page","link":"https:\/\/www.hugorodriguez.com\/blog\/reviews\/3d-lut-creator-el-editor-fotografico-del-futuro\/","title":{"rendered":"3D LUT Creator, el editor fotogr\u00e1fico del futuro"},"content":{"rendered":"<p>Estas buscando algo nuevo? Algo que te permita editar el color de tus im\u00e1genes como nunca hasta ahora hab\u00edas podido? Pues tengo una buena noticia para ti: 3D LUT Creator est\u00e1 aqu\u00ed y es un programa de nueva generaci\u00f3n con el que se pueden hacer cosas incre\u00edbles. Cosas que en ning\u00fan otro programa son posibles.<\/p>\n<p><img loading=\"lazy\" decoding=\"async\" class=\"aligncenter size-full wp-image-8377\" src=\"https:\/\/www.hugorodriguez.com\/blog\/wp-content\/uploads\/2019\/06\/Logo-3DLUT-200px.png\" alt=\"\" width=\"200\" height=\"200\" srcset=\"https:\/\/www.hugorodriguez.com\/blog\/wp-content\/uploads\/2019\/06\/Logo-3DLUT-200px.png 200w, https:\/\/www.hugorodriguez.com\/blog\/wp-content\/uploads\/2019\/06\/Logo-3DLUT-200px-80x80.png 80w, https:\/\/www.hugorodriguez.com\/blog\/wp-content\/uploads\/2019\/06\/Logo-3DLUT-200px-36x36.png 36w, https:\/\/www.hugorodriguez.com\/blog\/wp-content\/uploads\/2019\/06\/Logo-3DLUT-200px-180x180.png 180w, https:\/\/www.hugorodriguez.com\/blog\/wp-content\/uploads\/2019\/06\/Logo-3DLUT-200px-100x100.png 100w\" sizes=\"auto, (max-width: 200px) 100vw, 200px\" \/><\/p>\n<p>Y todo gracias a las LUT. Si tambi\u00e9n haces video quiz\u00e1s te suene esto de las LUT, una herramienta muy potente y popular para editar el color en los videos&#8230; que tambi\u00e9n se puede usar en fotograf\u00eda. Y esto justamente es lo que se puede hacer con 3D LUT Creator.<\/p>\n<p>Pero&#8230; \u00bfqu\u00e9 se puede hacer con 3D LUT Creator exactamente?<\/p>\n<div  class='avia-video av-5ty1rn-c60ef174f69ed92593e10024d3db6b17 avia-video-16-9 av-no-preview-image avia-video-load-always av-lazyload-immediate av-lazyload-video-embed'  itemprop=\"video\" itemtype=\"https:\/\/schema.org\/VideoObject\"  data-original_url='https:\/\/www.youtube.com\/watch?v=OIYJnP97MXA'><script type='text\/html' class='av-video-tmpl'><div class='avia-iframe-wrap'><iframe loading=\"lazy\" width=\"1500\" height=\"844\" src=\"https:\/\/www.youtube.com\/embed\/OIYJnP97MXA?feature=oembed&autoplay=0&loop=0&controls=1&mute=0\" frameborder=\"0\" allow=\"accelerometer; autoplay; encrypted-media; gyroscope; picture-in-picture\" allowfullscreen><\/iframe><\/div><\/script><div class='av-click-to-play-overlay'><div class=\"avia_playpause_icon\"><\/div><\/div><\/div>\n<p>&nbsp;<\/p>\n<h3 style=\"text-align: center;\">REEMPLAZAR UN COLOR POR OTRO<\/h3>\n<p>A veces cambiar un color por otro se puede convertir en un dolor de cabeza, porque aparecen artefactos, los brillos especulares, las altas luces o los negros no quedan bien&#8230; Pero no con 3D LUT Creator.<\/p>\n<p>[baslider name=\u00bbFerrariRedBlue\u00bb]<\/p>\n<p>&nbsp;<\/p>\n<h4 style=\"text-align: center;\">\u00bfquieres ver c\u00f3mo lo he conseguido en segundos?<\/h4>\n<div id=\"attachment_8381\" style=\"width: 660px\" class=\"wp-caption aligncenter\"><a href=\"https:\/\/www.hugorodriguez.com\/blog\/wp-content\/uploads\/2019\/06\/Ferrari.jpg\"><img loading=\"lazy\" decoding=\"async\" aria-describedby=\"caption-attachment-8381\" class=\"wp-image-8381\" src=\"https:\/\/www.hugorodriguez.com\/blog\/wp-content\/uploads\/2019\/06\/Ferrari-1030x672.jpg\" alt=\"\" width=\"650\" height=\"424\" srcset=\"https:\/\/www.hugorodriguez.com\/blog\/wp-content\/uploads\/2019\/06\/Ferrari-1030x672.jpg 1030w, https:\/\/www.hugorodriguez.com\/blog\/wp-content\/uploads\/2019\/06\/Ferrari-450x294.jpg 450w, https:\/\/www.hugorodriguez.com\/blog\/wp-content\/uploads\/2019\/06\/Ferrari-80x52.jpg 80w, https:\/\/www.hugorodriguez.com\/blog\/wp-content\/uploads\/2019\/06\/Ferrari-500x326.jpg 500w, https:\/\/www.hugorodriguez.com\/blog\/wp-content\/uploads\/2019\/06\/Ferrari-768x501.jpg 768w, https:\/\/www.hugorodriguez.com\/blog\/wp-content\/uploads\/2019\/06\/Ferrari-705x460.jpg 705w, https:\/\/www.hugorodriguez.com\/blog\/wp-content\/uploads\/2019\/06\/Ferrari.jpg 1119w\" sizes=\"auto, (max-width: 650px) 100vw, 650px\" \/><\/a><p id=\"caption-attachment-8381\" class=\"wp-caption-text\">La malla para conseguir el cambio de color.<\/p><\/div>\n<p>Incluso se puede modificar un color&#8230; \u00a1siendo del mismo tono que el resto de la foto!<\/p>\n<p>[baslider name=\u00bbDesiertoOriginalVSCieloAzul\u00bb]<\/p>\n<p>&nbsp;<\/p>\n<div id=\"attachment_8383\" style=\"width: 660px\" class=\"wp-caption aligncenter\"><a href=\"https:\/\/www.hugorodriguez.com\/blog\/wp-content\/uploads\/2019\/06\/Desierto-cielo-azul-grid.jpg\"><img loading=\"lazy\" decoding=\"async\" aria-describedby=\"caption-attachment-8383\" class=\"wp-image-8383\" src=\"https:\/\/www.hugorodriguez.com\/blog\/wp-content\/uploads\/2019\/06\/Desierto-cielo-azul-grid-1030x693.jpg\" alt=\"\" width=\"650\" height=\"437\" srcset=\"https:\/\/www.hugorodriguez.com\/blog\/wp-content\/uploads\/2019\/06\/Desierto-cielo-azul-grid-1030x693.jpg 1030w, https:\/\/www.hugorodriguez.com\/blog\/wp-content\/uploads\/2019\/06\/Desierto-cielo-azul-grid-450x303.jpg 450w, https:\/\/www.hugorodriguez.com\/blog\/wp-content\/uploads\/2019\/06\/Desierto-cielo-azul-grid-80x54.jpg 80w, https:\/\/www.hugorodriguez.com\/blog\/wp-content\/uploads\/2019\/06\/Desierto-cielo-azul-grid-500x336.jpg 500w, https:\/\/www.hugorodriguez.com\/blog\/wp-content\/uploads\/2019\/06\/Desierto-cielo-azul-grid-768x517.jpg 768w, https:\/\/www.hugorodriguez.com\/blog\/wp-content\/uploads\/2019\/06\/Desierto-cielo-azul-grid-705x474.jpg 705w, https:\/\/www.hugorodriguez.com\/blog\/wp-content\/uploads\/2019\/06\/Desierto-cielo-azul-grid.jpg 1119w\" sizes=\"auto, (max-width: 650px) 100vw, 650px\" \/><\/a><p id=\"caption-attachment-8383\" class=\"wp-caption-text\">Aqui puedes ver la malla necesaria para conseguir el efecto. Tiempo necesario: aprox. 1min.<\/p><\/div>\n<p>&nbsp;<\/p>\n<h3 style=\"text-align: center;\">ELIMINAR UNA DOMINANTE COMPLEJA<\/h3>\n<p>En ocasiones aparece una dominante compleja y muy dificil de eliminar, como estos restos de gases dispersos por el cielo bajo una preciosa aurora boreal. Recuperar el azul original es harto complicado por los m\u00e9todos tradicionales. Foto: <a href=\"https:\/\/www.hugorodriguez.com\/blog\/2017\/11\/xcmyk-una-impresion-sideral\/\">Marta Bret\u00f3<\/a>.<\/p>\n<p>[baslider name=\u00bbAurorasBoreales\u00bb]<\/p>\n<p>&nbsp;<\/p>\n<h3 style=\"text-align: center;\">CORREGIR EL TONO PIEL<\/h3>\n<p>Corregir el tono piel siempre es complicado: selecciones, curvas, el pelo&#8230; Con 3D LUT es otra historia, y normalmente cuesti\u00f3n de segundos, como aqui. Originalmente el tono piel era algo frio y p\u00e1lido. Adem\u00e1s ten\u00eda una zona muy \u00abquemada\u00bb en la frente.<\/p>\n<p style=\"text-align: center;\">[baslider name=\u00bbPielFriaVSCalida\u00bb]<\/p>\n<p>En ocasiones necesitas dar algo de calidez a la piel, y de paso a algunas zonas de la escena, pero sin tener que hacer m\u00e1scaras:<\/p>\n<p style=\"text-align: center;\">[baslider name=\u00bbChicaVentanaCercaHoguera\u00bb]<\/p>\n<p>&nbsp;<\/p>\n<p><a href=\"https:\/\/www.hugorodriguez.com\/blog\/wp-content\/uploads\/2019\/06\/Nassking-grid.jpg\"><img loading=\"lazy\" decoding=\"async\" class=\"aligncenter wp-image-8379\" src=\"https:\/\/www.hugorodriguez.com\/blog\/wp-content\/uploads\/2019\/06\/Nassking-grid.jpg\" alt=\"\" width=\"650\" height=\"393\" srcset=\"https:\/\/www.hugorodriguez.com\/blog\/wp-content\/uploads\/2019\/06\/Nassking-grid.jpg 998w, https:\/\/www.hugorodriguez.com\/blog\/wp-content\/uploads\/2019\/06\/Nassking-grid-450x272.jpg 450w, https:\/\/www.hugorodriguez.com\/blog\/wp-content\/uploads\/2019\/06\/Nassking-grid-80x48.jpg 80w, https:\/\/www.hugorodriguez.com\/blog\/wp-content\/uploads\/2019\/06\/Nassking-grid-500x302.jpg 500w, https:\/\/www.hugorodriguez.com\/blog\/wp-content\/uploads\/2019\/06\/Nassking-grid-768x464.jpg 768w, https:\/\/www.hugorodriguez.com\/blog\/wp-content\/uploads\/2019\/06\/Nassking-grid-705x426.jpg 705w\" sizes=\"auto, (max-width: 650px) 100vw, 650px\" \/><\/a><\/p>\n<p>&nbsp;<\/p>\n<h3 style=\"text-align: center;\">DAR CONTRASTE A UN COLOR<\/h3>\n<p>A veces necesitas dar contraste en un color en particular (o una gama concreta de tonos similares), pero hacerlo conlleva dedicar bastante tiempo a selecciones, capas, etc&#8230; Con 3DL se puede hacer en segundos y sin tener que hacer ninguna m\u00e1scara:<\/p>\n<p>[baslider name=\u00bbDesiertoOriginalVSContrasteRojos\u00bb]<\/p>\n<p><a href=\"https:\/\/www.hugorodriguez.com\/blog\/wp-content\/uploads\/2019\/06\/Desierto-contraste-rojos-grid.jpg\"><img loading=\"lazy\" decoding=\"async\" class=\"aligncenter wp-image-8382\" src=\"https:\/\/www.hugorodriguez.com\/blog\/wp-content\/uploads\/2019\/06\/Desierto-contraste-rojos-grid-1030x693.jpg\" alt=\"\" width=\"650\" height=\"437\" srcset=\"https:\/\/www.hugorodriguez.com\/blog\/wp-content\/uploads\/2019\/06\/Desierto-contraste-rojos-grid-1030x693.jpg 1030w, https:\/\/www.hugorodriguez.com\/blog\/wp-content\/uploads\/2019\/06\/Desierto-contraste-rojos-grid-450x303.jpg 450w, https:\/\/www.hugorodriguez.com\/blog\/wp-content\/uploads\/2019\/06\/Desierto-contraste-rojos-grid-80x54.jpg 80w, https:\/\/www.hugorodriguez.com\/blog\/wp-content\/uploads\/2019\/06\/Desierto-contraste-rojos-grid-500x336.jpg 500w, https:\/\/www.hugorodriguez.com\/blog\/wp-content\/uploads\/2019\/06\/Desierto-contraste-rojos-grid-768x517.jpg 768w, https:\/\/www.hugorodriguez.com\/blog\/wp-content\/uploads\/2019\/06\/Desierto-contraste-rojos-grid-705x474.jpg 705w, https:\/\/www.hugorodriguez.com\/blog\/wp-content\/uploads\/2019\/06\/Desierto-contraste-rojos-grid.jpg 1119w\" sizes=\"auto, (max-width: 650px) 100vw, 650px\" \/><\/a><\/p>\n<p>Visita la p\u00e1gina oficial de <a href=\"https:\/\/3dlutcreator.com\/\">3D LUT Creator<\/a>.<\/p>\n","protected":false},"excerpt":{"rendered":"<p>Estas buscando algo nuevo? Algo que te permita editar el color de tus im\u00e1genes como nunca hasta ahora hab\u00edas podido? Pues tengo una buena noticia para ti: 3D LUT Creator est\u00e1 aqu\u00ed y es un programa de nueva generaci\u00f3n con el que se pueden hacer cosas incre\u00edbles. Cosas que en ning\u00fan otro programa son posibles. [&hellip;]<\/p>\n","protected":false},"author":1,"featured_media":8458,"parent":2652,"menu_order":0,"comment_status":"open","ping_status":"closed","template":"","meta":{"footnotes":""},"class_list":["post-8455","page","type-page","status-publish","has-post-thumbnail","hentry"],"_links":{"self":[{"href":"https:\/\/www.hugorodriguez.com\/blog\/wp-json\/wp\/v2\/pages\/8455","targetHints":{"allow":["GET"]}}],"collection":[{"href":"https:\/\/www.hugorodriguez.com\/blog\/wp-json\/wp\/v2\/pages"}],"about":[{"href":"https:\/\/www.hugorodriguez.com\/blog\/wp-json\/wp\/v2\/types\/page"}],"author":[{"embeddable":true,"href":"https:\/\/www.hugorodriguez.com\/blog\/wp-json\/wp\/v2\/users\/1"}],"replies":[{"embeddable":true,"href":"https:\/\/www.hugorodriguez.com\/blog\/wp-json\/wp\/v2\/comments?post=8455"}],"version-history":[{"count":4,"href":"https:\/\/www.hugorodriguez.com\/blog\/wp-json\/wp\/v2\/pages\/8455\/revisions"}],"predecessor-version":[{"id":21594,"href":"https:\/\/www.hugorodriguez.com\/blog\/wp-json\/wp\/v2\/pages\/8455\/revisions\/21594"}],"up":[{"embeddable":true,"href":"https:\/\/www.hugorodriguez.com\/blog\/wp-json\/wp\/v2\/pages\/2652"}],"wp:featuredmedia":[{"embeddable":true,"href":"https:\/\/www.hugorodriguez.com\/blog\/wp-json\/wp\/v2\/media\/8458"}],"wp:attachment":[{"href":"https:\/\/www.hugorodriguez.com\/blog\/wp-json\/wp\/v2\/media?parent=8455"}],"curies":[{"name":"wp","href":"https:\/\/api.w.org\/{rel}","templated":true}]}}