{"id":7632,"date":"2019-03-25T13:51:07","date_gmt":"2019-03-25T11:51:07","guid":{"rendered":"http:\/\/www.hugorodriguez.com\/blog\/?page_id=7632"},"modified":"2019-04-02T12:54:33","modified_gmt":"2019-04-02T10:54:33","slug":"solucion-al-problema-de-enfoque-de-las-sony","status":"publish","type":"page","link":"https:\/\/www.hugorodriguez.com\/blog\/reviews\/solucion-al-problema-de-enfoque-de-las-sony\/","title":{"rendered":"Soluci\u00f3n al problema de enfoque de las SONY"},"content":{"rendered":"<p>Estamos viviendo una \u00e9poca en la que vemos una especie de migraci\u00f3n multitudinaria hacia las mirrorless. Muchos fot\u00f3grafos, especialmente de los que llevan muchos a\u00f1os casados con las dos grandes (Canon y Nikon) est\u00e1n divorci\u00e1ndose y cas\u00e1ndose de nuevo. Y parece que la m\u00e1s deseada es SONY.<\/p>\n<p>Si les pregunt\u00e1ramos, nos contar\u00edan mil y una bondades de su nueva pareja, pero tambi\u00e9n es verdad que no todo el monte es or\u00e9gano, y los problemas de enfoque y poca definici\u00f3n son bastante comunes.<\/p>\n<p>Pero, si tienen tan buenas \u00f3pticas y un sensor tan extraordinario, \u00bfd\u00f3nde est\u00e1 el problema? Bueno, indagar en la ra\u00edz del problema llevar\u00eda bastante m\u00e1s espacio del que preveo utilizar en este art\u00edculo, y se volver\u00eda excesivamente t\u00e9cnico, y no es mi intenci\u00f3n en este momento.<\/p>\n<p>Entonces, sin entrar en tanto tecnicismo, \u00bfd\u00f3nde est\u00e1 el problema? Pues, b\u00e1sicamente en el software. S\u00ed, como lo oyes, en el software. Concretamente, en el procesado de la imagen. En el revelado, vaya.<\/p>\n<p>Y es que hoy d\u00eda, la mitad del resultado lo determina la c\u00e1mara, su \u00f3ptica y su sensor, pero la otra mitad lo determina el software con que se procesa la imagen.<\/p>\n<p>Pero demostrar\u00e9 con un ejemplo. Aqu\u00ed tienes una foto tomada con una SONY Alpha y con una \u00f3ptica top:<\/p>\n<p><img loading=\"lazy\" decoding=\"async\" class=\"aligncenter size-full wp-image-7644\" src=\"http:\/\/www.hugorodriguez.com\/blog\/wp-content\/uploads\/2019\/03\/Libreria-SONY.jpg\" alt=\"Libreria-SONY\" width=\"710\" height=\"473\" srcset=\"https:\/\/www.hugorodriguez.com\/blog\/wp-content\/uploads\/2019\/03\/Libreria-SONY.jpg 710w, https:\/\/www.hugorodriguez.com\/blog\/wp-content\/uploads\/2019\/03\/Libreria-SONY-450x300.jpg 450w, https:\/\/www.hugorodriguez.com\/blog\/wp-content\/uploads\/2019\/03\/Libreria-SONY-80x53.jpg 80w, https:\/\/www.hugorodriguez.com\/blog\/wp-content\/uploads\/2019\/03\/Libreria-SONY-500x333.jpg 500w, https:\/\/www.hugorodriguez.com\/blog\/wp-content\/uploads\/2019\/03\/Libreria-SONY-705x469.jpg 705w\" sizes=\"auto, (max-width: 710px) 100vw, 710px\" \/><\/p>\n<p>Esta tomada con un tr\u00edpode muy s\u00f3lido, m\u00ednimo ISO, diafragma intermedio y auto disparador, as\u00ed que en principio las condiciones de la toma son \u00f3ptimas. El enfoque est\u00e1 hecho mediante Live view, con lo cual no hay\u00a0error de backfocus.<\/p>\n<p>Aqu\u00ed puedes ver un recorte de la zona central, procesado con Adobe Camera RAW (\u00faltima versi\u00f3n) y con los ajustes por defecto:<\/p>\n<p><img loading=\"lazy\" decoding=\"async\" class=\"aligncenter size-full wp-image-7640\" src=\"http:\/\/www.hugorodriguez.com\/blog\/wp-content\/uploads\/2019\/03\/Enfoque-SONY-ACR-defecto.jpg\" alt=\"Enfoque-SONY-ACR-defecto\" width=\"710\" height=\"514\" srcset=\"https:\/\/www.hugorodriguez.com\/blog\/wp-content\/uploads\/2019\/03\/Enfoque-SONY-ACR-defecto.jpg 710w, https:\/\/www.hugorodriguez.com\/blog\/wp-content\/uploads\/2019\/03\/Enfoque-SONY-ACR-defecto-450x326.jpg 450w, https:\/\/www.hugorodriguez.com\/blog\/wp-content\/uploads\/2019\/03\/Enfoque-SONY-ACR-defecto-80x57.jpg 80w, https:\/\/www.hugorodriguez.com\/blog\/wp-content\/uploads\/2019\/03\/Enfoque-SONY-ACR-defecto-500x361.jpg 500w, https:\/\/www.hugorodriguez.com\/blog\/wp-content\/uploads\/2019\/03\/Enfoque-SONY-ACR-defecto-705x510.jpg 705w\" sizes=\"auto, (max-width: 710px) 100vw, 710px\" \/><\/p>\n<p>Se puede ver que el aspecto es un\u00a0bastante soft, que le falta nitidez. Si le meto un ajuste un poco m\u00e1s agresivo (75 de Cantidad y 50 de Detalle), el resultado gana mucha sensaci\u00f3n de definici\u00f3n, pero tambi\u00e9n aparecen un mont\u00f3n de artefactos por todas partes:<\/p>\n<p><img loading=\"lazy\" decoding=\"async\" class=\"aligncenter size-full wp-image-7639\" src=\"http:\/\/www.hugorodriguez.com\/blog\/wp-content\/uploads\/2019\/03\/Enfoque-SONY-ACR-agresivo.jpg\" alt=\"Enfoque-SONY-ACR-agresivo\" width=\"710\" height=\"514\" srcset=\"https:\/\/www.hugorodriguez.com\/blog\/wp-content\/uploads\/2019\/03\/Enfoque-SONY-ACR-agresivo.jpg 710w, https:\/\/www.hugorodriguez.com\/blog\/wp-content\/uploads\/2019\/03\/Enfoque-SONY-ACR-agresivo-450x326.jpg 450w, https:\/\/www.hugorodriguez.com\/blog\/wp-content\/uploads\/2019\/03\/Enfoque-SONY-ACR-agresivo-80x57.jpg 80w, https:\/\/www.hugorodriguez.com\/blog\/wp-content\/uploads\/2019\/03\/Enfoque-SONY-ACR-agresivo-500x361.jpg 500w, https:\/\/www.hugorodriguez.com\/blog\/wp-content\/uploads\/2019\/03\/Enfoque-SONY-ACR-agresivo-705x510.jpg 705w\" sizes=\"auto, (max-width: 710px) 100vw, 710px\" \/><\/p>\n<p>Uno de los comentarios m\u00e1s escuchados es que la soluci\u00f3n es sencillamente \u201cno enfocar tanto\u201d, y entonces as\u00ed no aparecen los defectos. El problema es que el resultado es muy moderado:<\/p>\n<p><img loading=\"lazy\" decoding=\"async\" class=\"aligncenter size-full wp-image-7641\" src=\"http:\/\/www.hugorodriguez.com\/blog\/wp-content\/uploads\/2019\/03\/Enfoque-SONY-ACR-moderado.jpg\" alt=\"Enfoque-SONY-ACR-moderado\" width=\"710\" height=\"514\" srcset=\"https:\/\/www.hugorodriguez.com\/blog\/wp-content\/uploads\/2019\/03\/Enfoque-SONY-ACR-moderado.jpg 710w, https:\/\/www.hugorodriguez.com\/blog\/wp-content\/uploads\/2019\/03\/Enfoque-SONY-ACR-moderado-450x326.jpg 450w, https:\/\/www.hugorodriguez.com\/blog\/wp-content\/uploads\/2019\/03\/Enfoque-SONY-ACR-moderado-80x57.jpg 80w, https:\/\/www.hugorodriguez.com\/blog\/wp-content\/uploads\/2019\/03\/Enfoque-SONY-ACR-moderado-500x361.jpg 500w, https:\/\/www.hugorodriguez.com\/blog\/wp-content\/uploads\/2019\/03\/Enfoque-SONY-ACR-moderado-705x510.jpg 705w\" sizes=\"auto, (max-width: 710px) 100vw, 710px\" \/><\/p>\n<p>&nbsp;<\/p>\n<h3 style=\"text-align: center\">Y, \u00bfcu\u00e1l es la soluci\u00f3n?<\/h3>\n<p>Pues aunque no lo creas, es sencillo: procesarlo en CaptureOne. Basta con abrir el mismo Raw para ver la diferencia, sin tocar absolutamente nada:<\/p>\n<p><img loading=\"lazy\" decoding=\"async\" class=\"aligncenter size-full wp-image-7643\" src=\"http:\/\/www.hugorodriguez.com\/blog\/wp-content\/uploads\/2019\/03\/Enfoque-SONY-C1-defecto.jpg\" alt=\"Enfoque-SONY-C1-defecto\" width=\"710\" height=\"514\" srcset=\"https:\/\/www.hugorodriguez.com\/blog\/wp-content\/uploads\/2019\/03\/Enfoque-SONY-C1-defecto.jpg 710w, https:\/\/www.hugorodriguez.com\/blog\/wp-content\/uploads\/2019\/03\/Enfoque-SONY-C1-defecto-450x326.jpg 450w, https:\/\/www.hugorodriguez.com\/blog\/wp-content\/uploads\/2019\/03\/Enfoque-SONY-C1-defecto-80x57.jpg 80w, https:\/\/www.hugorodriguez.com\/blog\/wp-content\/uploads\/2019\/03\/Enfoque-SONY-C1-defecto-500x361.jpg 500w, https:\/\/www.hugorodriguez.com\/blog\/wp-content\/uploads\/2019\/03\/Enfoque-SONY-C1-defecto-705x510.jpg 705w\" sizes=\"auto, (max-width: 710px) 100vw, 710px\" \/><\/p>\n<p>Como ves, la nitidez es ya bastante buena, claramente superior a la de ACR. Y eso que es la que se consigue con los ajustes por defecto. Aunque lo bueno viene cuando se le mete un poco de ca\u00f1a al enfoque:<\/p>\n<div id=\"attachment_7642\" style=\"width: 720px\" class=\"wp-caption aligncenter\"><img loading=\"lazy\" decoding=\"async\" aria-describedby=\"caption-attachment-7642\" class=\"wp-image-7642 size-full\" src=\"http:\/\/www.hugorodriguez.com\/blog\/wp-content\/uploads\/2019\/03\/Enfoque-SONY-C1-agresivo.jpg\" alt=\"Enfoque-SONY-C1-agresivo\" width=\"710\" height=\"514\" srcset=\"https:\/\/www.hugorodriguez.com\/blog\/wp-content\/uploads\/2019\/03\/Enfoque-SONY-C1-agresivo.jpg 710w, https:\/\/www.hugorodriguez.com\/blog\/wp-content\/uploads\/2019\/03\/Enfoque-SONY-C1-agresivo-450x326.jpg 450w, https:\/\/www.hugorodriguez.com\/blog\/wp-content\/uploads\/2019\/03\/Enfoque-SONY-C1-agresivo-80x57.jpg 80w, https:\/\/www.hugorodriguez.com\/blog\/wp-content\/uploads\/2019\/03\/Enfoque-SONY-C1-agresivo-500x361.jpg 500w, https:\/\/www.hugorodriguez.com\/blog\/wp-content\/uploads\/2019\/03\/Enfoque-SONY-C1-agresivo-705x510.jpg 705w\" sizes=\"auto, (max-width: 710px) 100vw, 710px\" \/><p id=\"caption-attachment-7642\" class=\"wp-caption-text\">Como ves, aqui, con 500-0,5-1 el resultado es impresionante.<\/p><\/div>\n<p>\u00bfNotas la diferencia? Como ves, el resultado es mucho m\u00e1s n\u00edtido y no han aparecido artefactos que degradan la imagen de forma alguna.<\/p>\n<p>Y ahora, \u00bfpor qu\u00e9 no le das una oportunidad al Capture One y empiezas a exprimir de verdad los RAW de tu SONY? Y de tu Fuji. Y de tu Olympus, de tu Nikon, de tu Canon\u2026<\/p>\n<p>&nbsp;<\/p>\n<h3 style=\"text-align: center\">Aprovecha ahora la promoci\u00f3n y \u00a1ll\u00e9vate Capture One para SONY y Fuji con un gran descuento!<\/h3>\n<p><a href=\"http:\/\/www.hugorodriguez.com\/blog\/promocion\/promocion-capture-one-pro\/\"><img loading=\"lazy\" decoding=\"async\" class=\"aligncenter wp-image-7616 size-full\" src=\"http:\/\/www.hugorodriguez.com\/blog\/wp-content\/uploads\/2018\/07\/banner-oferta-c1-710x90.png\" alt=\"banner-oferta-c1-710x90\" width=\"710\" height=\"100\" srcset=\"https:\/\/www.hugorodriguez.com\/blog\/wp-content\/uploads\/2018\/07\/banner-oferta-c1-710x90.png 710w, https:\/\/www.hugorodriguez.com\/blog\/wp-content\/uploads\/2018\/07\/banner-oferta-c1-710x90-450x63.png 450w, https:\/\/www.hugorodriguez.com\/blog\/wp-content\/uploads\/2018\/07\/banner-oferta-c1-710x90-80x11.png 80w, https:\/\/www.hugorodriguez.com\/blog\/wp-content\/uploads\/2018\/07\/banner-oferta-c1-710x90-500x70.png 500w, https:\/\/www.hugorodriguez.com\/blog\/wp-content\/uploads\/2018\/07\/banner-oferta-c1-710x90-705x99.png 705w\" sizes=\"auto, (max-width: 710px) 100vw, 710px\" \/><\/a><\/p>\n<p>&nbsp;<\/p>\n<h3 style=\"text-align: center\">\u00bfQuieres descargarte el RAW de este ejemplo y probarlo t\u00fa mismo?<\/h3>\n<p>Suscr\u00edbete al newsletter y podr\u00e1s descargarlo para experimentar con \u00e9l como quieras.<\/p>\n<div  class='avia-button-wrap av-2fogfk-6ddc2c14678bc531b72030ac3d6e5a66-wrap avia-button-center  avia-builder-el-0  avia-builder-el-no-sibling '><a href='http:\/\/eepurl.com\/glLjYz'  class='avia-button av-2fogfk-6ddc2c14678bc531b72030ac3d6e5a66 av-link-btn avia-icon_select-yes-left-icon avia-size-large avia-position-center avia-color-theme-color'  target=\"_blank\"  rel=\"noopener noreferrer\"  aria-label=\"S\u00ed, quiero el RAW\"><span class='avia_button_icon avia_button_icon_left avia-iconfont avia-font-entypo-fontello' data-av_icon='\ue82d' data-av_iconfont='entypo-fontello' ><\/span><span class='avia_iconbox_title' >S\u00ed, quiero el RAW<\/span><\/a><\/div>\n<p>&nbsp;<\/p>\n","protected":false},"excerpt":{"rendered":"<p>Estamos viviendo una \u00e9poca en la que vemos una especie de migraci\u00f3n multitudinaria hacia las mirrorless. Muchos fot\u00f3grafos, especialmente de los que llevan muchos a\u00f1os casados con las dos grandes (Canon y Nikon) est\u00e1n divorci\u00e1ndose y cas\u00e1ndose de nuevo. Y parece que la m\u00e1s deseada es SONY. Si les pregunt\u00e1ramos, nos contar\u00edan mil y una [&hellip;]<\/p>\n","protected":false},"author":1,"featured_media":7650,"parent":2652,"menu_order":0,"comment_status":"open","ping_status":"closed","template":"","meta":{"footnotes":""},"class_list":["post-7632","page","type-page","status-publish","has-post-thumbnail","hentry"],"_links":{"self":[{"href":"https:\/\/www.hugorodriguez.com\/blog\/wp-json\/wp\/v2\/pages\/7632","targetHints":{"allow":["GET"]}}],"collection":[{"href":"https:\/\/www.hugorodriguez.com\/blog\/wp-json\/wp\/v2\/pages"}],"about":[{"href":"https:\/\/www.hugorodriguez.com\/blog\/wp-json\/wp\/v2\/types\/page"}],"author":[{"embeddable":true,"href":"https:\/\/www.hugorodriguez.com\/blog\/wp-json\/wp\/v2\/users\/1"}],"replies":[{"embeddable":true,"href":"https:\/\/www.hugorodriguez.com\/blog\/wp-json\/wp\/v2\/comments?post=7632"}],"version-history":[{"count":5,"href":"https:\/\/www.hugorodriguez.com\/blog\/wp-json\/wp\/v2\/pages\/7632\/revisions"}],"predecessor-version":[{"id":7652,"href":"https:\/\/www.hugorodriguez.com\/blog\/wp-json\/wp\/v2\/pages\/7632\/revisions\/7652"}],"up":[{"embeddable":true,"href":"https:\/\/www.hugorodriguez.com\/blog\/wp-json\/wp\/v2\/pages\/2652"}],"wp:featuredmedia":[{"embeddable":true,"href":"https:\/\/www.hugorodriguez.com\/blog\/wp-json\/wp\/v2\/media\/7650"}],"wp:attachment":[{"href":"https:\/\/www.hugorodriguez.com\/blog\/wp-json\/wp\/v2\/media?parent=7632"}],"curies":[{"name":"wp","href":"https:\/\/api.w.org\/{rel}","templated":true}]}}

Solución al problema de enfoque de las SONY

<p>Estamos viviendo una época en la que vemos una especie de migración multitudinaria hacia las mirrorless. Muchos fotógrafos, especialmente de los que llevan muchos años casados con las dos grandes (Canon y Nikon) están divorciándose y casándose de nuevo. Y parece que la más deseada es SONY.</p>
<p>Si les preguntáramos, nos contarían mil y una bondades de su nueva pareja, pero también es verdad que no todo el monte es orégano, y los problemas de enfoque y poca definición son bastante comunes.</p>
<p>Pero, si tienen tan buenas ópticas y un sensor tan extraordinario, ¿dónde está el problema? Bueno, indagar en la raíz del problema llevaría bastante más espacio del que preveo utilizar en este artículo, y se volvería excesivamente técnico, y no es mi intención en este momento.</p>
<p>Entonces, sin entrar en tanto tecnicismo, ¿dónde está el problema? Pues, básicamente en el software. Sí, como lo oyes, en el software. Concretamente, en el procesado de la imagen. En el revelado, vaya.</p>
<p>Y es que hoy día, la mitad del resultado lo determina la cámara, su óptica y su sensor, pero la otra mitad lo determina el software con que se procesa la imagen.</p>
<p>Pero demostraré con un ejemplo. Aquí tienes una foto tomada con una SONY Alpha y con una óptica top:</p>
<p><img loading="lazy" decoding="async" class="aligncenter size-full wp-image-7644" src="http://www.hugorodriguez.com/blog/wp-content/uploads/2019/03/Libreria-SONY.jpg" alt="Libreria-SONY" width="710" height="473" srcset="https://www.hugorodriguez.com/blog/wp-content/uploads/2019/03/Libreria-SONY.jpg 710w, https://www.hugorodriguez.com/blog/wp-content/uploads/2019/03/Libreria-SONY-450x300.jpg 450w, https://www.hugorodriguez.com/blog/wp-content/uploads/2019/03/Libreria-SONY-80x53.jpg 80w, https://www.hugorodriguez.com/blog/wp-content/uploads/2019/03/Libreria-SONY-500x333.jpg 500w, https://www.hugorodriguez.com/blog/wp-content/uploads/2019/03/Libreria-SONY-705x469.jpg 705w" sizes="auto, (max-width: 710px) 100vw, 710px" /></p>
<p>Esta tomada con un trípode muy sólido, mínimo ISO, diafragma intermedio y auto disparador, así que en principio las condiciones de la toma son óptimas. El enfoque está hecho mediante Live view, con lo cual no hay error de backfocus.</p>
<p>Aquí puedes ver un recorte de la zona central, procesado con Adobe Camera RAW (última versión) y con los ajustes por defecto:</p>
<p><img loading="lazy" decoding="async" class="aligncenter size-full wp-image-7640" src="http://www.hugorodriguez.com/blog/wp-content/uploads/2019/03/Enfoque-SONY-ACR-defecto.jpg" alt="Enfoque-SONY-ACR-defecto" width="710" height="514" srcset="https://www.hugorodriguez.com/blog/wp-content/uploads/2019/03/Enfoque-SONY-ACR-defecto.jpg 710w, https://www.hugorodriguez.com/blog/wp-content/uploads/2019/03/Enfoque-SONY-ACR-defecto-450x326.jpg 450w, https://www.hugorodriguez.com/blog/wp-content/uploads/2019/03/Enfoque-SONY-ACR-defecto-80x57.jpg 80w, https://www.hugorodriguez.com/blog/wp-content/uploads/2019/03/Enfoque-SONY-ACR-defecto-500x361.jpg 500w, https://www.hugorodriguez.com/blog/wp-content/uploads/2019/03/Enfoque-SONY-ACR-defecto-705x510.jpg 705w" sizes="auto, (max-width: 710px) 100vw, 710px" /></p>
<p>Se puede ver que el aspecto es un bastante soft, que le falta nitidez. Si le meto un ajuste un poco más agresivo (75 de Cantidad y 50 de Detalle), el resultado gana mucha sensación de definición, pero también aparecen un montón de artefactos por todas partes:</p>
<p><img loading="lazy" decoding="async" class="aligncenter size-full wp-image-7639" src="http://www.hugorodriguez.com/blog/wp-content/uploads/2019/03/Enfoque-SONY-ACR-agresivo.jpg" alt="Enfoque-SONY-ACR-agresivo" width="710" height="514" srcset="https://www.hugorodriguez.com/blog/wp-content/uploads/2019/03/Enfoque-SONY-ACR-agresivo.jpg 710w, https://www.hugorodriguez.com/blog/wp-content/uploads/2019/03/Enfoque-SONY-ACR-agresivo-450x326.jpg 450w, https://www.hugorodriguez.com/blog/wp-content/uploads/2019/03/Enfoque-SONY-ACR-agresivo-80x57.jpg 80w, https://www.hugorodriguez.com/blog/wp-content/uploads/2019/03/Enfoque-SONY-ACR-agresivo-500x361.jpg 500w, https://www.hugorodriguez.com/blog/wp-content/uploads/2019/03/Enfoque-SONY-ACR-agresivo-705x510.jpg 705w" sizes="auto, (max-width: 710px) 100vw, 710px" /></p>
<p>Uno de los comentarios más escuchados es que la solución es sencillamente “no enfocar tanto”, y entonces así no aparecen los defectos. El problema es que el resultado es muy moderado:</p>
<p><img loading="lazy" decoding="async" class="aligncenter size-full wp-image-7641" src="http://www.hugorodriguez.com/blog/wp-content/uploads/2019/03/Enfoque-SONY-ACR-moderado.jpg" alt="Enfoque-SONY-ACR-moderado" width="710" height="514" srcset="https://www.hugorodriguez.com/blog/wp-content/uploads/2019/03/Enfoque-SONY-ACR-moderado.jpg 710w, https://www.hugorodriguez.com/blog/wp-content/uploads/2019/03/Enfoque-SONY-ACR-moderado-450x326.jpg 450w, https://www.hugorodriguez.com/blog/wp-content/uploads/2019/03/Enfoque-SONY-ACR-moderado-80x57.jpg 80w, https://www.hugorodriguez.com/blog/wp-content/uploads/2019/03/Enfoque-SONY-ACR-moderado-500x361.jpg 500w, https://www.hugorodriguez.com/blog/wp-content/uploads/2019/03/Enfoque-SONY-ACR-moderado-705x510.jpg 705w" sizes="auto, (max-width: 710px) 100vw, 710px" /></p>
<p>&nbsp;</p>
<h3 style="text-align: center">Y, ¿cuál es la solución?</h3>
<p>Pues aunque no lo creas, es sencillo: procesarlo en CaptureOne. Basta con abrir el mismo Raw para ver la diferencia, sin tocar absolutamente nada:</p>
<p><img loading="lazy" decoding="async" class="aligncenter size-full wp-image-7643" src="http://www.hugorodriguez.com/blog/wp-content/uploads/2019/03/Enfoque-SONY-C1-defecto.jpg" alt="Enfoque-SONY-C1-defecto" width="710" height="514" srcset="https://www.hugorodriguez.com/blog/wp-content/uploads/2019/03/Enfoque-SONY-C1-defecto.jpg 710w, https://www.hugorodriguez.com/blog/wp-content/uploads/2019/03/Enfoque-SONY-C1-defecto-450x326.jpg 450w, https://www.hugorodriguez.com/blog/wp-content/uploads/2019/03/Enfoque-SONY-C1-defecto-80x57.jpg 80w, https://www.hugorodriguez.com/blog/wp-content/uploads/2019/03/Enfoque-SONY-C1-defecto-500x361.jpg 500w, https://www.hugorodriguez.com/blog/wp-content/uploads/2019/03/Enfoque-SONY-C1-defecto-705x510.jpg 705w" sizes="auto, (max-width: 710px) 100vw, 710px" /></p>
<p>Como ves, la nitidez es ya bastante buena, claramente superior a la de ACR. Y eso que es la que se consigue con los ajustes por defecto. Aunque lo bueno viene cuando se le mete un poco de caña al enfoque:</p>
<div id="attachment_7642" style="width: 720px" class="wp-caption aligncenter"><img loading="lazy" decoding="async" aria-describedby="caption-attachment-7642" class="wp-image-7642 size-full" src="http://www.hugorodriguez.com/blog/wp-content/uploads/2019/03/Enfoque-SONY-C1-agresivo.jpg" alt="Enfoque-SONY-C1-agresivo" width="710" height="514" srcset="https://www.hugorodriguez.com/blog/wp-content/uploads/2019/03/Enfoque-SONY-C1-agresivo.jpg 710w, https://www.hugorodriguez.com/blog/wp-content/uploads/2019/03/Enfoque-SONY-C1-agresivo-450x326.jpg 450w, https://www.hugorodriguez.com/blog/wp-content/uploads/2019/03/Enfoque-SONY-C1-agresivo-80x57.jpg 80w, https://www.hugorodriguez.com/blog/wp-content/uploads/2019/03/Enfoque-SONY-C1-agresivo-500x361.jpg 500w, https://www.hugorodriguez.com/blog/wp-content/uploads/2019/03/Enfoque-SONY-C1-agresivo-705x510.jpg 705w" sizes="auto, (max-width: 710px) 100vw, 710px" /><p id="caption-attachment-7642" class="wp-caption-text">Como ves, aqui, con 500-0,5-1 el resultado es impresionante.</p></div>
<p>¿Notas la diferencia? Como ves, el resultado es mucho más nítido y no han aparecido artefactos que degradan la imagen de forma alguna.</p>
<p>Y ahora, ¿por qué no le das una oportunidad al Capture One y empiezas a exprimir de verdad los RAW de tu SONY? Y de tu Fuji. Y de tu Olympus, de tu Nikon, de tu Canon…</p>
<p>&nbsp;</p>
<h3 style="text-align: center">Aprovecha ahora la promoción y ¡llévate Capture One para SONY y Fuji con un gran descuento!</h3>
<p><a href="http://www.hugorodriguez.com/blog/promocion/promocion-capture-one-pro/"><img loading="lazy" decoding="async" class="aligncenter wp-image-7616 size-full" src="http://www.hugorodriguez.com/blog/wp-content/uploads/2018/07/banner-oferta-c1-710x90.png" alt="banner-oferta-c1-710x90" width="710" height="100" srcset="https://www.hugorodriguez.com/blog/wp-content/uploads/2018/07/banner-oferta-c1-710x90.png 710w, https://www.hugorodriguez.com/blog/wp-content/uploads/2018/07/banner-oferta-c1-710x90-450x63.png 450w, https://www.hugorodriguez.com/blog/wp-content/uploads/2018/07/banner-oferta-c1-710x90-80x11.png 80w, https://www.hugorodriguez.com/blog/wp-content/uploads/2018/07/banner-oferta-c1-710x90-500x70.png 500w, https://www.hugorodriguez.com/blog/wp-content/uploads/2018/07/banner-oferta-c1-710x90-705x99.png 705w" sizes="auto, (max-width: 710px) 100vw, 710px" /></a></p>
<p>&nbsp;</p>
<h3 style="text-align: center">¿Quieres descargarte el RAW de este ejemplo y probarlo tú mismo?</h3>
<p>Suscríbete al newsletter y podrás descargarlo para experimentar con él como quieras.</p>
<div  class='avia-button-wrap av-2fogfk-6ddc2c14678bc531b72030ac3d6e5a66-wrap avia-button-center  avia-builder-el-0  avia-builder-el-no-sibling '><a href='http://eepurl.com/glLjYz'  class='avia-button av-2fogfk-6ddc2c14678bc531b72030ac3d6e5a66 av-link-btn avia-icon_select-yes-left-icon avia-size-large avia-position-center avia-color-theme-color'  target="_blank"  rel="noopener noreferrer"  aria-label="Sí, quiero el RAW"><span class='avia_button_icon avia_button_icon_left avia-iconfont avia-font-entypo-fontello' data-av_icon='' data-av_iconfont='entypo-fontello' ></span><span class='avia_iconbox_title' >Sí, quiero el RAW</span></a></div>
<p>&nbsp;</p>

<p>Estamos viviendo una época en la que vemos una especie de migración multitudinaria hacia las mirrorless. Muchos fotógrafos, especialmente de los que llevan muchos años casados con las dos grandes (Canon y Nikon) están divorciándose y casándose de nuevo. Y parece que la más deseada es SONY. Si les preguntáramos, nos contarían mil y una [&hellip;]</p>
