{"id":4318,"date":"2017-01-24T11:23:25","date_gmt":"2017-01-24T10:23:25","guid":{"rendered":"http:\/\/www.hugorodriguez.com\/blog\/?page_id=4318"},"modified":"2017-01-25T11:11:13","modified_gmt":"2017-01-25T10:11:13","slug":"expansion-de-las-luces-y-las-sombras-la-tecnica-de-los-maestros","status":"publish","type":"page","link":"https:\/\/www.hugorodriguez.com\/blog\/expansion-de-las-luces-y-las-sombras-la-tecnica-de-los-maestros\/","title":{"rendered":"Expansi\u00f3n de luces y sombras. La t\u00e9cnica de los maestros, reinventada."},"content":{"rendered":"<h2 style=\"text-align: center;\">Expansi\u00f3n de luces y sombras.<br \/>\nLa t\u00e9cnica de los maestros, reinventada.<\/h2>\n<p>&nbsp;<\/p>\n<p>La nueva 2\u00aa edici\u00f3n de mi m\u00e1s exitoso libro, CAPTURA DIGITAL Y REVELADO DE RAW, trae consigo multitud de novedades. Una de las m\u00e1s llamativas es la nueva t\u00e9cnica de expansi\u00f3n de las sombras y las altas luces. T\u00e9cnica que se basa en la que ya promulgaba el maestro Ansel Adams con su sistema de zonas.<\/p>\n<p>Generalmente en fotograf\u00eda de espacios, tanto naturales como urbanos, suele surgir la necesidad de mejorar el contraste especialmente en las zonas de las altas luces y las sombras.<\/p>\n<p>Por ejemplo, con una fotograf\u00eda que tiene las sombras demasiado oscuras y faltas de textura, lo que los fot\u00f3grafos suelen hacer es levantarlas usando las t\u00edpicas herramientas que incorporan los grandes programas de revelado de RAW: <em>Lightroom<\/em>, <em>Camera RAW<\/em>, <em>Capture One<\/em>&#8230; A partir de ah\u00ed, se les puede dar algo de claridad o saturaci\u00f3n.<\/p>\n<p>Si llegados a este punto las sombras se ven un poco empastadas, hay que pasar a retoque por zonas, usando capas, m\u00e1scaras o las herramientas necesarias para trabajar aquella zona selectivamente, lo cual est\u00e1 muy bien pero conlleva un tiempo. Y eso es todo lo que se puede hacer&#8230;<\/p>\n<p>Hasta hoy.<\/p>\n<p>&nbsp;<\/p>\n<p>Con <strong>mi nueva t\u00e9cnica de expansi\u00f3n y compresi\u00f3n<\/strong> se pueden <strong>tratar selectivamente las sombras y las luces<\/strong> para aumentar o reducir su contraste sin afectar al resto de la escena, <strong>sin necesidad de usar la Claridad<\/strong> y<strong> sin tener que usar ning\u00fan tipo de retoque por zonas<\/strong>. El resultado es mejor incluso que usando claridad, puesto que produce una mejor respuesta de color.<\/p>\n<p>Y lo mejor de todo es que es ideal para fot\u00f3grafos con prisa, porque el tiempo para ajustarlo puede ser de&#8230; \u00a1menos de 10 segundos!<\/p>\n<p>Es en las sombras donde m\u00e1s a menudo se puede aplicar el concepto de la expansi\u00f3n, como en este ejemplo:<\/p>\n<p><a href=\"http:\/\/www.hugorodriguez.com\/blog\/wp-content\/uploads\/2017\/01\/Pedrusco-en-Vic_1.jpg\"><img loading=\"lazy\" decoding=\"async\" class=\"aligncenter wp-image-4261\" src=\"http:\/\/www.hugorodriguez.com\/blog\/wp-content\/uploads\/2017\/01\/Pedrusco-en-Vic_1.jpg\" alt=\"Pedrusco en Vic original\" width=\"600\" height=\"400\" srcset=\"https:\/\/www.hugorodriguez.com\/blog\/wp-content\/uploads\/2017\/01\/Pedrusco-en-Vic_1.jpg 710w, https:\/\/www.hugorodriguez.com\/blog\/wp-content\/uploads\/2017\/01\/Pedrusco-en-Vic_1-450x300.jpg 450w, https:\/\/www.hugorodriguez.com\/blog\/wp-content\/uploads\/2017\/01\/Pedrusco-en-Vic_1-250x166.jpg 250w, https:\/\/www.hugorodriguez.com\/blog\/wp-content\/uploads\/2017\/01\/Pedrusco-en-Vic_1-500x333.jpg 500w, https:\/\/www.hugorodriguez.com\/blog\/wp-content\/uploads\/2017\/01\/Pedrusco-en-Vic_1-705x469.jpg 705w\" sizes=\"auto, (max-width: 600px) 100vw, 600px\" \/><\/a><\/p>\n<p>&nbsp;<\/p>\n<p>Como ves, se trata de un contraluz donde las luces est\u00e1n en el l\u00edmite y las sombras apenas tienen detalle. Si recupero detalle en las luces y levanto las sombras, utilizando las herramientas habituales (sombras, luz de relleno, etc&#8230;) el resultado es este:<\/p>\n<p>&nbsp;<\/p>\n<p><a href=\"http:\/\/www.hugorodriguez.com\/blog\/wp-content\/uploads\/2017\/01\/Pedrusco-en-Vic-Sombras-levantadas.jpg\"><img loading=\"lazy\" decoding=\"async\" class=\"aligncenter wp-image-4265\" src=\"http:\/\/www.hugorodriguez.com\/blog\/wp-content\/uploads\/2017\/01\/Pedrusco-en-Vic-Sombras-levantadas.jpg\" alt=\"Pedrusco en Vic Sombras levantadas\" width=\"600\" height=\"400\" srcset=\"https:\/\/www.hugorodriguez.com\/blog\/wp-content\/uploads\/2017\/01\/Pedrusco-en-Vic-Sombras-levantadas.jpg 710w, https:\/\/www.hugorodriguez.com\/blog\/wp-content\/uploads\/2017\/01\/Pedrusco-en-Vic-Sombras-levantadas-450x300.jpg 450w, https:\/\/www.hugorodriguez.com\/blog\/wp-content\/uploads\/2017\/01\/Pedrusco-en-Vic-Sombras-levantadas-250x166.jpg 250w, https:\/\/www.hugorodriguez.com\/blog\/wp-content\/uploads\/2017\/01\/Pedrusco-en-Vic-Sombras-levantadas-500x333.jpg 500w, https:\/\/www.hugorodriguez.com\/blog\/wp-content\/uploads\/2017\/01\/Pedrusco-en-Vic-Sombras-levantadas-705x469.jpg 705w\" sizes=\"auto, (max-width: 600px) 100vw, 600px\" \/><\/a><\/p>\n<p>&nbsp;<\/p>\n<p>donde veo que las sombras ahora tienen mucho m\u00e1s detalle, y la imagen no\u00a0pierde la sensaci\u00f3n de contraluz. Podr\u00eda tratar de utilizar programas m\u00e1s potentes que pueden levantar las sombras tanto, que incluso quedan m\u00e1s claras que el propio cielo, pero entonces deja de ser un contraluz. De hecho, deja de ser algo natural y pasa a ser una imagen sobreprocesada.<\/p>\n<p>Pero si utilizo la t\u00e9cnica de la expansi\u00f3n de las sombras, estas no s\u00f3lo quedan m\u00e1s visibles sino que adem\u00e1s quedan mucho m\u00e1s agradables y naturales, al no quedar empastadas:<\/p>\n<p>&nbsp;<\/p>\n<p><a href=\"http:\/\/www.hugorodriguez.com\/blog\/wp-content\/uploads\/2017\/01\/Pedrusco-en-Vic-Sombras-expandidas.jpg\"><img loading=\"lazy\" decoding=\"async\" class=\"aligncenter wp-image-4263\" src=\"http:\/\/www.hugorodriguez.com\/blog\/wp-content\/uploads\/2017\/01\/Pedrusco-en-Vic-Sombras-expandidas.jpg\" alt=\"Pedrusco en Vic Sombras expandidas\" width=\"600\" height=\"400\" srcset=\"https:\/\/www.hugorodriguez.com\/blog\/wp-content\/uploads\/2017\/01\/Pedrusco-en-Vic-Sombras-expandidas.jpg 710w, https:\/\/www.hugorodriguez.com\/blog\/wp-content\/uploads\/2017\/01\/Pedrusco-en-Vic-Sombras-expandidas-450x300.jpg 450w, https:\/\/www.hugorodriguez.com\/blog\/wp-content\/uploads\/2017\/01\/Pedrusco-en-Vic-Sombras-expandidas-250x166.jpg 250w, https:\/\/www.hugorodriguez.com\/blog\/wp-content\/uploads\/2017\/01\/Pedrusco-en-Vic-Sombras-expandidas-500x333.jpg 500w, https:\/\/www.hugorodriguez.com\/blog\/wp-content\/uploads\/2017\/01\/Pedrusco-en-Vic-Sombras-expandidas-705x469.jpg 705w\" sizes=\"auto, (max-width: 600px) 100vw, 600px\" \/><\/a><\/p>\n<p>&nbsp;<\/p>\n<p>Y todo ello sin haber usado la Claridad, que por otra parte afecta a toda la imagen y no s\u00f3lo a las sombras. Haber utilizado la Claridad en este caso hubiera aumentado el contraste del cielo y disparado las luces, cosa que ser\u00eda contraproducente puesto que ya ha habido que recuperarlas.<\/p>\n<p>La ventaja de la expansi\u00f3n es que permite \u201cdar claridad\u201d pero selectivamente en una zona y sin tener que usar m\u00e1scaras ni perder tiempo haciendo selecciones.<\/p>\n<p>&nbsp;<\/p>\n<p>[baslider name=\u00bbSombrasLevantadasVsExpandidas\u00bb]<\/p>\n<p>Est\u00e1 claro que podr\u00eda hacer una capa o una selecci\u00f3n de la roca en contraluz y utilizar t\u00e9cnicas m\u00e1s avanzadas para conseguir resultados a\u00fan mejores, pero la pregunta es: \u00bfcu\u00e1nto tiempo necesitas para hacer eso? Expandir las sombras me ha llevado menos de 10 segundos, lo que me permite seguir procesando docenas de fotograf\u00edas y conseguir resultados excelentes en un tiempo r\u00e9cord.<\/p>\n<p>&nbsp;<\/p>\n<h3 style=\"text-align: center;\">Otro ejemplo<\/h3>\n<p>En este otro ejemplo se ve una escena de muy alto contraste, con un ajuste b\u00e1sico para recuperar las luces (todos los reguladores a cero excepto una peque\u00f1a compensaci\u00f3n de la exposici\u00f3n negativa):<\/p>\n<p><a href=\"http:\/\/www.hugorodriguez.com\/blog\/wp-content\/uploads\/2017\/01\/Ruta-Montesquiu-92-Altas-luces.jpg\"><img loading=\"lazy\" decoding=\"async\" class=\"aligncenter wp-image-4271\" src=\"http:\/\/www.hugorodriguez.com\/blog\/wp-content\/uploads\/2017\/01\/Ruta-Montesquiu-92-Altas-luces.jpg\" alt=\"Ruta-Montesquiu-92-Altas-luces\" width=\"601\" height=\"401\" srcset=\"https:\/\/www.hugorodriguez.com\/blog\/wp-content\/uploads\/2017\/01\/Ruta-Montesquiu-92-Altas-luces.jpg 710w, https:\/\/www.hugorodriguez.com\/blog\/wp-content\/uploads\/2017\/01\/Ruta-Montesquiu-92-Altas-luces-450x300.jpg 450w, https:\/\/www.hugorodriguez.com\/blog\/wp-content\/uploads\/2017\/01\/Ruta-Montesquiu-92-Altas-luces-250x166.jpg 250w, https:\/\/www.hugorodriguez.com\/blog\/wp-content\/uploads\/2017\/01\/Ruta-Montesquiu-92-Altas-luces-500x333.jpg 500w, https:\/\/www.hugorodriguez.com\/blog\/wp-content\/uploads\/2017\/01\/Ruta-Montesquiu-92-Altas-luces-705x470.jpg 705w\" sizes=\"auto, (max-width: 601px) 100vw, 601px\" \/><\/a><\/p>\n<p>&nbsp;<\/p>\n<p>Si \u00fanicamente se levantan las sombras (bastante, eso s\u00ed) para sacar algo de textura, el resultado es este:<\/p>\n<p>&nbsp;<\/p>\n<p><a href=\"http:\/\/www.hugorodriguez.com\/blog\/wp-content\/uploads\/2017\/01\/Ruta-Montesquiu-92-Sombras-levantadas.jpg\"><img loading=\"lazy\" decoding=\"async\" class=\"aligncenter wp-image-4272\" src=\"http:\/\/www.hugorodriguez.com\/blog\/wp-content\/uploads\/2017\/01\/Ruta-Montesquiu-92-Sombras-levantadas.jpg\" alt=\"Ruta-Montesquiu-92-Sombras-levantadas\" width=\"600\" height=\"401\" srcset=\"https:\/\/www.hugorodriguez.com\/blog\/wp-content\/uploads\/2017\/01\/Ruta-Montesquiu-92-Sombras-levantadas.jpg 710w, https:\/\/www.hugorodriguez.com\/blog\/wp-content\/uploads\/2017\/01\/Ruta-Montesquiu-92-Sombras-levantadas-450x300.jpg 450w, https:\/\/www.hugorodriguez.com\/blog\/wp-content\/uploads\/2017\/01\/Ruta-Montesquiu-92-Sombras-levantadas-250x166.jpg 250w, https:\/\/www.hugorodriguez.com\/blog\/wp-content\/uploads\/2017\/01\/Ruta-Montesquiu-92-Sombras-levantadas-500x333.jpg 500w, https:\/\/www.hugorodriguez.com\/blog\/wp-content\/uploads\/2017\/01\/Ruta-Montesquiu-92-Sombras-levantadas-705x470.jpg 705w\" sizes=\"auto, (max-width: 600px) 100vw, 600px\" \/><\/a><\/p>\n<p>&nbsp;<\/p>\n<p>y si luego se le aplica Claridad a toda la foto, el resultado es este:<\/p>\n<p>&nbsp;<\/p>\n<p><a href=\"http:\/\/www.hugorodriguez.com\/blog\/wp-content\/uploads\/2017\/01\/Ruta-Montesquiu-92-Sombras-levantadas-y-Claridad.jpg\"><img loading=\"lazy\" decoding=\"async\" class=\"aligncenter wp-image-4268\" src=\"http:\/\/www.hugorodriguez.com\/blog\/wp-content\/uploads\/2017\/01\/Ruta-Montesquiu-92-Sombras-levantadas-y-Claridad.jpg\" alt=\"Ruta-Montesquiu-92-Sombras-levantadas-y-Claridad\" width=\"600\" height=\"401\" srcset=\"https:\/\/www.hugorodriguez.com\/blog\/wp-content\/uploads\/2017\/01\/Ruta-Montesquiu-92-Sombras-levantadas-y-Claridad.jpg 710w, https:\/\/www.hugorodriguez.com\/blog\/wp-content\/uploads\/2017\/01\/Ruta-Montesquiu-92-Sombras-levantadas-y-Claridad-450x300.jpg 450w, https:\/\/www.hugorodriguez.com\/blog\/wp-content\/uploads\/2017\/01\/Ruta-Montesquiu-92-Sombras-levantadas-y-Claridad-250x166.jpg 250w, https:\/\/www.hugorodriguez.com\/blog\/wp-content\/uploads\/2017\/01\/Ruta-Montesquiu-92-Sombras-levantadas-y-Claridad-500x333.jpg 500w, https:\/\/www.hugorodriguez.com\/blog\/wp-content\/uploads\/2017\/01\/Ruta-Montesquiu-92-Sombras-levantadas-y-Claridad-705x470.jpg 705w\" sizes=\"auto, (max-width: 600px) 100vw, 600px\" \/><\/a><\/p>\n<p>&nbsp;<\/p>\n<p>No esta mal, \u00bfno? En efecto, nada mal. Pero podr\u00eda estar mejor&#8230; La Claridad ha realzado la textura de las sombras, pero a nivel de color queda algo pobre. Y en el cielo ha resultado ser contraproducente porque se ha contrastado y perdido algo de color, que antes de aplicarlo estaba mejor.<\/p>\n<p>Si en vez de dar Claridad aplicase una expansi\u00f3n en las sombras, el resultado ser\u00eda este:<\/p>\n<p>&nbsp;<\/p>\n<p><a href=\"http:\/\/www.hugorodriguez.com\/blog\/wp-content\/uploads\/2017\/01\/Ruta-Montesquiu-92-Sombras-expandidas.jpg\"><img loading=\"lazy\" decoding=\"async\" class=\"aligncenter wp-image-4267\" src=\"http:\/\/www.hugorodriguez.com\/blog\/wp-content\/uploads\/2017\/01\/Ruta-Montesquiu-92-Sombras-expandidas.jpg\" alt=\"Ruta-Montesquiu-92-Sombras-expandidas\" width=\"600\" height=\"401\" srcset=\"https:\/\/www.hugorodriguez.com\/blog\/wp-content\/uploads\/2017\/01\/Ruta-Montesquiu-92-Sombras-expandidas.jpg 710w, https:\/\/www.hugorodriguez.com\/blog\/wp-content\/uploads\/2017\/01\/Ruta-Montesquiu-92-Sombras-expandidas-450x300.jpg 450w, https:\/\/www.hugorodriguez.com\/blog\/wp-content\/uploads\/2017\/01\/Ruta-Montesquiu-92-Sombras-expandidas-250x166.jpg 250w, https:\/\/www.hugorodriguez.com\/blog\/wp-content\/uploads\/2017\/01\/Ruta-Montesquiu-92-Sombras-expandidas-500x333.jpg 500w, https:\/\/www.hugorodriguez.com\/blog\/wp-content\/uploads\/2017\/01\/Ruta-Montesquiu-92-Sombras-expandidas-705x470.jpg 705w\" sizes=\"auto, (max-width: 600px) 100vw, 600px\" \/><\/a><\/p>\n<p>Y, como puedes ver, <strong>no s\u00f3lo he conseguido darle m\u00e1s vida a las sombras<\/strong>, sino que <strong>he conseguido una mejor respuesta de color<\/strong>.<\/p>\n<p>Aqu\u00ed puedes ver comparados los tres resultados:<\/p>\n<p>[baslider name=\u00bbMontesquiuSombrasLevantadasVsExpandidas\u00bb]<\/p>\n<p>Se ve claramente\u00a0como al aplicar una expansi\u00f3n a las sombras no s\u00f3lo mejoran \u00e9stas, sino que la respuesta de color general tambi\u00e9n mejora. Y todo ello, sin afectar a las altas luces. En cambio, al dar claridad sobre las sombras levantadas, las luces quedan demasiado contrastadas y el color de la vegetaci\u00f3n es un tanto apagado. La respuesta de color global es poco natural.<\/p>\n<p>&nbsp;<\/p>\n<h3 style=\"text-align: center;\">\u00bfQuieres aprender a llevar a cabo la expansi\u00f3n y la compresi\u00f3n?<\/h3>\n<p>No pierdas m\u00e1s tiempo y encarga ya tu copia del CAPTURA DIGITAL Y REVELADO RAW, 2\u00aa EDICI\u00d3N antes de que se agote!<\/p>\n<p><a href=\"http:\/\/www.hugorodriguez.com\/blog\/coleccion-bitpixel\/captura-digital-y-revelado-de-raw-2a-edicion\/\"><img loading=\"lazy\" decoding=\"async\" class=\"aligncenter wp-image-4276 size-full\" src=\"http:\/\/www.hugorodriguez.com\/blog\/wp-content\/uploads\/2016\/11\/Portada-L05-2a-Ed.jpg\" alt=\"Portada-L05-2a-Ed\" width=\"342\" height=\"478\" srcset=\"https:\/\/www.hugorodriguez.com\/blog\/wp-content\/uploads\/2016\/11\/Portada-L05-2a-Ed.jpg 342w, https:\/\/www.hugorodriguez.com\/blog\/wp-content\/uploads\/2016\/11\/Portada-L05-2a-Ed-178x250.jpg 178w\" sizes=\"auto, (max-width: 342px) 100vw, 342px\" \/><\/a><\/p>\n","protected":false},"excerpt":{"rendered":"<p>Expansi\u00f3n de luces y sombras. La t\u00e9cnica de los maestros, reinventada. &nbsp; La nueva 2\u00aa edici\u00f3n de mi m\u00e1s exitoso libro, CAPTURA DIGITAL Y REVELADO DE RAW, trae consigo multitud de novedades. Una de las m\u00e1s llamativas es la nueva t\u00e9cnica de expansi\u00f3n de las sombras y las altas luces. T\u00e9cnica que se basa en [&hellip;]<\/p>\n","protected":false},"author":1,"featured_media":0,"parent":0,"menu_order":0,"comment_status":"open","ping_status":"closed","template":"","meta":{"footnotes":""},"class_list":["post-4318","page","type-page","status-publish","hentry"],"_links":{"self":[{"href":"https:\/\/www.hugorodriguez.com\/blog\/wp-json\/wp\/v2\/pages\/4318","targetHints":{"allow":["GET"]}}],"collection":[{"href":"https:\/\/www.hugorodriguez.com\/blog\/wp-json\/wp\/v2\/pages"}],"about":[{"href":"https:\/\/www.hugorodriguez.com\/blog\/wp-json\/wp\/v2\/types\/page"}],"author":[{"embeddable":true,"href":"https:\/\/www.hugorodriguez.com\/blog\/wp-json\/wp\/v2\/users\/1"}],"replies":[{"embeddable":true,"href":"https:\/\/www.hugorodriguez.com\/blog\/wp-json\/wp\/v2\/comments?post=4318"}],"version-history":[{"count":5,"href":"https:\/\/www.hugorodriguez.com\/blog\/wp-json\/wp\/v2\/pages\/4318\/revisions"}],"predecessor-version":[{"id":15723,"href":"https:\/\/www.hugorodriguez.com\/blog\/wp-json\/wp\/v2\/pages\/4318\/revisions\/15723"}],"wp:attachment":[{"href":"https:\/\/www.hugorodriguez.com\/blog\/wp-json\/wp\/v2\/media?parent=4318"}],"curies":[{"name":"wp","href":"https:\/\/api.w.org\/{rel}","templated":true}]}}