{"id":2760,"date":"2015-12-15T11:02:33","date_gmt":"2015-12-15T10:02:33","guid":{"rendered":"http:\/\/www.hugorodriguez.com\/blog\/?page_id=2760"},"modified":"2015-12-15T11:05:32","modified_gmt":"2015-12-15T10:05:32","slug":"benq-sw2700pt-el-nuevo-kid-on-the-block-monitores-hi-end","status":"publish","type":"page","link":"https:\/\/www.hugorodriguez.com\/blog\/reviews\/benq-sw2700pt-el-nuevo-kid-on-the-block-monitores-hi-end\/","title":{"rendered":"BenQ SW2700PT, el nuevo &#8216;kid on the block&#8217; de los monitores hi-end"},"content":{"rendered":"<p>En la fotograf\u00eda moderna toda la informaci\u00f3n es digital. Eso est\u00e1 muy bien y tiene un mont\u00f3n de ventajas, como que las fotos no se degradan con el tiempo (en un disco duro, claro est\u00e1), que las posibilidades de manipulaci\u00f3n son extraordinarias o que las copias son id\u00e9nticas al original.<\/p>\n<p>Pero si a los fot\u00f3grafos les pregunt\u00e1ramos: \u00bfqu\u00e9 aspecto tienen tus fotos? O, m\u00e1s concretamente, \u00bfqu\u00e9 color tienen? Seguramente muchos dudar\u00edan&#8230;<\/p>\n<p>Y es que, aunque lo digital ha tra\u00eddo la precisi\u00f3n matem\u00e1tica a la imagen, su representaci\u00f3n visual no es algo obvio, como cuando cog\u00edas una diapositiva en la mano y la mirabas directamente con tus ojos. No existe tal cosa en digital. Todo depende de una \u00abventana\u00bb a ese mundo digital. Y si esa ventana no est\u00e1 perfectamente afinada, \u00bfqu\u00e9 es lo que te est\u00e1 mostrando realmente?<\/p>\n<p>De ah\u00ed la importancia de contar con una buena pantalla, una buena gama de color (preferentemente igual o superior a la de una copia en papel) y buen contraste.<\/p>\n<p>Y, \u00bfqu\u00e9 es lo interesante de esta pantalla BenQ? Este fabricante ha destacado por sus monitores con precios muy competitivos, pero si hablamos de monitores de gama alta, los fot\u00f3grafos estamos m\u00e1s familiarizados con nombres como NEC, EIZO o, m\u00e1s recientemente, DELL.<\/p>\n<p>Pues bien, BenQ ha visto una oportunidad de mercado interesante en el segmento high-end y ha querido aprovecharla. Parece cierto que la fotograf\u00eda sigue su &#8216;boom&#8217; y cada vez se demandan m\u00e1s pantallas de gama alta, que ofrecen unos niveles de calidad muy altos y a precios por debajo de 600\u20ac, algo impensable hace pocos a\u00f1os.<\/p>\n<p>Entre las pantallas de gama media-alta y las top (NEC, EIZO) hay un hueco que quiz\u00e1s solo DELL cubre (m\u00e1s cerca de la zona inferior que de la superior) y BenQ parece querer cubrir tambi\u00e9n este hueco, pero quiz\u00e1s la zona ligeramente por encima de DELL. Con la aparici\u00f3n de BenQ, a NEC y a EIZO se les ponen m\u00e1s dif\u00edciles las cosas; a DELL le espera un duro competidor&#8230;<\/p>\n<p>El SW2700PT es un monitor de alta gama con un panel IPS con amplios \u00e1ngulos de visi\u00f3n que cubre casi la totalidad de la gama AdobeRGB. Tiene todos los ingredientes de un monitor high-end: un buen panel, una amplia gama de color, gran uniformidad a lo largo y alto de la pantalla y puede calibrarse por hardware.<\/p>\n<p style=\"text-align: center;\"><a href=\"http:\/\/www.hugorodriguez.com\/blog\/wp-content\/uploads\/2015\/12\/BenQ-SW2700PT-02.jpg\"><img loading=\"lazy\" decoding=\"async\" class=\"alignnone size-medium wp-image-2776\" src=\"http:\/\/www.hugorodriguez.com\/blog\/wp-content\/uploads\/2015\/12\/BenQ-SW2700PT-02-500x475.jpg\" alt=\"BenQ SW2700PT 02\" width=\"500\" height=\"475\" srcset=\"https:\/\/www.hugorodriguez.com\/blog\/wp-content\/uploads\/2015\/12\/BenQ-SW2700PT-02-500x475.jpg 500w, https:\/\/www.hugorodriguez.com\/blog\/wp-content\/uploads\/2015\/12\/BenQ-SW2700PT-02-450x428.jpg 450w, https:\/\/www.hugorodriguez.com\/blog\/wp-content\/uploads\/2015\/12\/BenQ-SW2700PT-02-705x669.jpg 705w, https:\/\/www.hugorodriguez.com\/blog\/wp-content\/uploads\/2015\/12\/BenQ-SW2700PT-02.jpg 800w\" sizes=\"auto, (max-width: 500px) 100vw, 500px\" \/><\/a><\/p>\n<p>Conjuntamente con X-Rite, los ingenieros de BenQ han desarrollado un software que utiliza el motor de aqu\u00e9lla para hacer una calibraci\u00f3n tanto del punto blanco como de la respuesta de grises, y almacenarla en el propio monitor, lo cual tiene varias ventajas, todas ellas orientadas a conseguir mayor calidad.<\/p>\n<p>Adem\u00e1s, el monitor cuenta con una LUT 3D de 14bits, lo que permite modelar la gama de color para -por ejemplo- reducirla y amoldarla con gran precisi\u00f3n a la de sRGB o Rec 709 (el est\u00e1ndar de video HD). Esto \u00faltimo es algo que normalmente est\u00e1 reservado a los mejores monitores, y que hasta hace nada era territorio exclusivo de NEC, EIZO (y la extinta QUATO).<\/p>\n<p><a href=\"http:\/\/www.hugorodriguez.com\/blog\/wp-content\/uploads\/2015\/12\/Menus-BenQ-SW2700PT.jpg\"><img loading=\"lazy\" decoding=\"async\" class=\"aligncenter wp-image-2772 size-medium\" src=\"http:\/\/www.hugorodriguez.com\/blog\/wp-content\/uploads\/2015\/12\/Menus-BenQ-SW2700PT-500x311.jpg\" alt=\"Menus-BenQ-SW2700PT\" width=\"500\" height=\"311\" srcset=\"https:\/\/www.hugorodriguez.com\/blog\/wp-content\/uploads\/2015\/12\/Menus-BenQ-SW2700PT-500x311.jpg 500w, https:\/\/www.hugorodriguez.com\/blog\/wp-content\/uploads\/2015\/12\/Menus-BenQ-SW2700PT-450x280.jpg 450w, https:\/\/www.hugorodriguez.com\/blog\/wp-content\/uploads\/2015\/12\/Menus-BenQ-SW2700PT-705x438.jpg 705w, https:\/\/www.hugorodriguez.com\/blog\/wp-content\/uploads\/2015\/12\/Menus-BenQ-SW2700PT.jpg 800w\" sizes=\"auto, (max-width: 500px) 100vw, 500px\" \/><\/a><\/p>\n<p>Una de las cosas que m\u00e1s me han gustado es el innovador \u00abmando a distancia\u00bb que incorpora. Generalmente los men\u00fas en pantalla (los denominados OSD) de los monitores suelen ser espartanos, poco intuitivos y muy farragosos de utilizar. El men\u00fa de BenQ no solo est\u00e1 muy bien dise\u00f1ado (es mucho m\u00e1s intuitivo que la mayor\u00eda) y es simple de utilizar, sino que con el mando es una delicia. Infinitamente m\u00e1s r\u00e1pido y c\u00f3modo de usar. Y todo ello, sin que por ello se pierdan capacidades ni se convierta en un men\u00fa tan b\u00e1sico que parezca de juguete.<\/p>\n<p><a href=\"http:\/\/www.hugorodriguez.com\/blog\/wp-content\/uploads\/2015\/12\/Probando-el-BenQ-SW2700PT-02.jpg\"><img loading=\"lazy\" decoding=\"async\" class=\"size-medium wp-image-2775 aligncenter\" src=\"http:\/\/www.hugorodriguez.com\/blog\/wp-content\/uploads\/2015\/12\/Probando-el-BenQ-SW2700PT-02-500x373.jpg\" alt=\"Probando el BenQ SW2700PT 02\" width=\"500\" height=\"373\" srcset=\"https:\/\/www.hugorodriguez.com\/blog\/wp-content\/uploads\/2015\/12\/Probando-el-BenQ-SW2700PT-02-500x373.jpg 500w, https:\/\/www.hugorodriguez.com\/blog\/wp-content\/uploads\/2015\/12\/Probando-el-BenQ-SW2700PT-02-450x336.jpg 450w, https:\/\/www.hugorodriguez.com\/blog\/wp-content\/uploads\/2015\/12\/Probando-el-BenQ-SW2700PT-02-705x526.jpg 705w, https:\/\/www.hugorodriguez.com\/blog\/wp-content\/uploads\/2015\/12\/Probando-el-BenQ-SW2700PT-02.jpg 800w\" sizes=\"auto, (max-width: 500px) 100vw, 500px\" \/><\/a><\/p>\n<p>Una gran idea, sin duda. Tan solo echo en falta que use un USB del monitor, que siempre viene bien para otros gadgets, y que no pueda guardarse dentro del propio monitor cuando no se usa, por aquello de la limpieza de cables del escritorio, aunque queda bien colocado y sujeto en el hueco con que cuenta la base.<\/p>\n<p>El SW2700PT tiene todos los ajustes de los monitores de estas gamas (altura, inclinaci\u00f3n, rotaci\u00f3n vertical&#8230;) y adem\u00e1s trae de serie una visera bien elaborada, que ayuda a proteger de luces par\u00e1sitas.<\/p>\n<p>El men\u00fa est\u00e1 muy bien organizado y no tiene controles duplicados, confusos o innecesarios, como pasa en muchos modelos de gama media. Adem\u00e1s, la gama de color puede elegirse directa e independientemente de otros aspectos (punto blanco, gamma), pudiendo elegir entre Adobe RGB 1998 y sRGB, algo muy poco com\u00fan.<\/p>\n<p><a href=\"http:\/\/www.hugorodriguez.com\/blog\/wp-content\/uploads\/2015\/12\/Menus-BenQ-SW2700PT-gamma.jpg\"><img loading=\"lazy\" decoding=\"async\" class=\"size-medium wp-image-2773 aligncenter\" src=\"http:\/\/www.hugorodriguez.com\/blog\/wp-content\/uploads\/2015\/12\/Menus-BenQ-SW2700PT-gamma-500x311.jpg\" alt=\"Menus-BenQ-SW2700PT-gamma\" width=\"500\" height=\"311\" srcset=\"https:\/\/www.hugorodriguez.com\/blog\/wp-content\/uploads\/2015\/12\/Menus-BenQ-SW2700PT-gamma-500x311.jpg 500w, https:\/\/www.hugorodriguez.com\/blog\/wp-content\/uploads\/2015\/12\/Menus-BenQ-SW2700PT-gamma-450x280.jpg 450w, https:\/\/www.hugorodriguez.com\/blog\/wp-content\/uploads\/2015\/12\/Menus-BenQ-SW2700PT-gamma-705x438.jpg 705w, https:\/\/www.hugorodriguez.com\/blog\/wp-content\/uploads\/2015\/12\/Menus-BenQ-SW2700PT-gamma.jpg 800w\" sizes=\"auto, (max-width: 500px) 100vw, 500px\" \/><\/a><\/p>\n<p>Aparte de esto, se puede moldear cada uno de los 6 primarios al gusto (tanto en matiz como en saturaci\u00f3n) gracias a su LUT 3D, lo que permite un ajuste muy fino e interesante\u00a0para calibraciones de video.<\/p>\n<p><a href=\"http:\/\/www.hugorodriguez.com\/blog\/wp-content\/uploads\/2015\/12\/Menus-BenQ-SW2700PT-saturacion.jpg\"><img loading=\"lazy\" decoding=\"async\" class=\"size-medium wp-image-2774 aligncenter\" src=\"http:\/\/www.hugorodriguez.com\/blog\/wp-content\/uploads\/2015\/12\/Menus-BenQ-SW2700PT-saturacion-500x311.jpg\" alt=\"Menus-BenQ-SW2700PT-saturacion\" width=\"500\" height=\"311\" srcset=\"https:\/\/www.hugorodriguez.com\/blog\/wp-content\/uploads\/2015\/12\/Menus-BenQ-SW2700PT-saturacion-500x311.jpg 500w, https:\/\/www.hugorodriguez.com\/blog\/wp-content\/uploads\/2015\/12\/Menus-BenQ-SW2700PT-saturacion-450x280.jpg 450w, https:\/\/www.hugorodriguez.com\/blog\/wp-content\/uploads\/2015\/12\/Menus-BenQ-SW2700PT-saturacion-705x438.jpg 705w, https:\/\/www.hugorodriguez.com\/blog\/wp-content\/uploads\/2015\/12\/Menus-BenQ-SW2700PT-saturacion.jpg 800w\" sizes=\"auto, (max-width: 500px) 100vw, 500px\" \/><\/a><\/p>\n<p>El software de BenQ, <em>Palette Master Elements<\/em>, est\u00e1 creado por la marca usando el motor X-Rite, y es compatible con la mayor\u00eda de calibradores de \u00e9sta. Aunque realiza bien su funci\u00f3n, es uno de los puntos que requiere m\u00e1s mejoras. De entrada, en mi caso particular parec\u00eda entrar en conflicto grave con el software de mi NEC, y s\u00f3lo despu\u00e9s de desinstalarlo se decidi\u00f3 a arrancar. Es la versi\u00f3n 1.0, as\u00ed que es comprensible.<\/p>\n<p><a href=\"http:\/\/www.hugorodriguez.com\/blog\/wp-content\/uploads\/2015\/12\/benq-palette-elements-01.jpg\"><img loading=\"lazy\" decoding=\"async\" class=\"size-medium wp-image-2765 aligncenter\" src=\"http:\/\/www.hugorodriguez.com\/blog\/wp-content\/uploads\/2015\/12\/benq-palette-elements-01-500x337.jpg\" alt=\"benq-palette-elements-01\" width=\"500\" height=\"337\" srcset=\"https:\/\/www.hugorodriguez.com\/blog\/wp-content\/uploads\/2015\/12\/benq-palette-elements-01-500x337.jpg 500w, https:\/\/www.hugorodriguez.com\/blog\/wp-content\/uploads\/2015\/12\/benq-palette-elements-01-450x304.jpg 450w, https:\/\/www.hugorodriguez.com\/blog\/wp-content\/uploads\/2015\/12\/benq-palette-elements-01-705x475.jpg 705w, https:\/\/www.hugorodriguez.com\/blog\/wp-content\/uploads\/2015\/12\/benq-palette-elements-01.jpg 800w\" sizes=\"auto, (max-width: 500px) 100vw, 500px\" \/><\/a><\/p>\n<p>Una vez ya con \u00e9l, ha calibrado y perfilado muy bien con mi i1Pro2. Tan solo se echa en falta la posibilidad de poder elegir el <em>gamut<\/em> al gusto, incluso indicarlo manualmente, y que haga una validaci\u00f3n al terminar.<\/p>\n<p><a href=\"http:\/\/www.hugorodriguez.com\/blog\/wp-content\/uploads\/2015\/12\/benq-palette-elements-02.jpg\"><img loading=\"lazy\" decoding=\"async\" class=\"size-medium wp-image-2766 aligncenter\" src=\"http:\/\/www.hugorodriguez.com\/blog\/wp-content\/uploads\/2015\/12\/benq-palette-elements-02-500x336.jpg\" alt=\"benq-palette-elements-02\" width=\"500\" height=\"336\" srcset=\"https:\/\/www.hugorodriguez.com\/blog\/wp-content\/uploads\/2015\/12\/benq-palette-elements-02-500x336.jpg 500w, https:\/\/www.hugorodriguez.com\/blog\/wp-content\/uploads\/2015\/12\/benq-palette-elements-02-450x303.jpg 450w, https:\/\/www.hugorodriguez.com\/blog\/wp-content\/uploads\/2015\/12\/benq-palette-elements-02-800x538.jpg 800w, https:\/\/www.hugorodriguez.com\/blog\/wp-content\/uploads\/2015\/12\/benq-palette-elements-02-705x474.jpg 705w, https:\/\/www.hugorodriguez.com\/blog\/wp-content\/uploads\/2015\/12\/benq-palette-elements-02.jpg 801w\" sizes=\"auto, (max-width: 500px) 100vw, 500px\" \/><\/a><\/p>\n<p>El software permite calibrar pr\u00e1cticamente todos los par\u00e1metros posibles, y es la \u00fanica forma de acceder a las dos calibraciones internas con que cuenta, aparte de los presets. Estas dos calibraciones disfrutan de una LUT 3D de 14 bits, lo que en principio garantiza una fidelidad muy alta. La velocidad de respuesta del programa podr\u00eda ser m\u00e1s r\u00e1pida y el dise\u00f1o de la interfaz se podr\u00eda mejorar, pero tambi\u00e9n es cierto que no se puede pedir m\u00e1s a un software en su versi\u00f3n inicial.<\/p>\n<p>Quiz\u00e1s lo peor en relaci\u00f3n al software sean detalles como que no use el mismo software que su hermano peque\u00f1o, el SW240 (todav\u00eda me pregunto por qu\u00e9 han decido tal cosa), y por qu\u00e9 aqu\u00e9l se llama <em>Palette Master<\/em> y \u00e9ste, <em>Palette Elements<\/em>. Son los misterios del marketing&#8230;<\/p>\n<p>Otro detalle a mejorar es que el software no viene con el monitor y \u00fanicamente hay un simple papel indicando de donde baj\u00e1rselo. Supongo que son cosas de las prisas para lanzar monitor y software nuevo, y probablemente en breve lo solucionar\u00e1n.<\/p>\n<p>El panel es un IPS de grandes \u00e1ngulos de visi\u00f3n y 10 bits de profundidad de color, propio de pantallas en la \u00f3rbita <em>hi-end<\/em>, tal como se espera de un monitor de esta categor\u00eda. La gama de color es como se promete: cubre un 99% del espacio Adobe RGB pero sorprendentemente es bastante mayor.<\/p>\n<p style=\"text-align: center;\"><a href=\"http:\/\/www.hugorodriguez.com\/blog\/wp-content\/uploads\/2015\/12\/benq-sw2700pt-vs-adobe-1998.jpg\"><img loading=\"lazy\" decoding=\"async\" class=\"alignnone size-medium wp-image-2767\" src=\"http:\/\/www.hugorodriguez.com\/blog\/wp-content\/uploads\/2015\/12\/benq-sw2700pt-vs-adobe-1998-500x401.jpg\" alt=\"benq-sw2700pt-vs-adobe-1998\" width=\"500\" height=\"401\" srcset=\"https:\/\/www.hugorodriguez.com\/blog\/wp-content\/uploads\/2015\/12\/benq-sw2700pt-vs-adobe-1998-500x401.jpg 500w, https:\/\/www.hugorodriguez.com\/blog\/wp-content\/uploads\/2015\/12\/benq-sw2700pt-vs-adobe-1998-450x361.jpg 450w, https:\/\/www.hugorodriguez.com\/blog\/wp-content\/uploads\/2015\/12\/benq-sw2700pt-vs-adobe-1998-705x565.jpg 705w, https:\/\/www.hugorodriguez.com\/blog\/wp-content\/uploads\/2015\/12\/benq-sw2700pt-vs-adobe-1998.jpg 734w\" sizes=\"auto, (max-width: 500px) 100vw, 500px\" \/><\/a><br \/>\nColor solido: Adobe 1998; Malla: BenQ SW2700PT.<\/p>\n<p>y cubre sobradamente los espacios FOGRA, UGRA y SWOP de impresi\u00f3n offset, lo que le convierte en un muy buen candidato para aquellos que orientan sus im\u00e1genes a la impresi\u00f3n. Precisamente por esto \u00faltimo ha recibido la certificaci\u00f3n de apto para softproofing (pruebas de color en pantalla).<\/p>\n<p style=\"text-align: center;\">\u00a0<a href=\"http:\/\/www.hugorodriguez.com\/blog\/wp-content\/uploads\/2015\/12\/benq-sw2700pt-vs-fogra39.jpg\"><img loading=\"lazy\" decoding=\"async\" class=\"alignnone size-medium wp-image-2769\" src=\"http:\/\/www.hugorodriguez.com\/blog\/wp-content\/uploads\/2015\/12\/benq-sw2700pt-vs-fogra39-500x401.jpg\" alt=\"benq-sw2700pt-vs-fogra39\" width=\"500\" height=\"401\" srcset=\"https:\/\/www.hugorodriguez.com\/blog\/wp-content\/uploads\/2015\/12\/benq-sw2700pt-vs-fogra39-500x401.jpg 500w, https:\/\/www.hugorodriguez.com\/blog\/wp-content\/uploads\/2015\/12\/benq-sw2700pt-vs-fogra39-450x361.jpg 450w, https:\/\/www.hugorodriguez.com\/blog\/wp-content\/uploads\/2015\/12\/benq-sw2700pt-vs-fogra39-705x565.jpg 705w, https:\/\/www.hugorodriguez.com\/blog\/wp-content\/uploads\/2015\/12\/benq-sw2700pt-vs-fogra39.jpg 734w\" sizes=\"auto, (max-width: 500px) 100vw, 500px\" \/><\/a><br \/>\nColor solido: FOGRA 39; Malla: BenQ SW2700PT.<\/p>\n<p>Cuenta con un sistema de uniformizaci\u00f3n de pantalla similar a los de la competencia, que consigue que no se aprecien \u00abmanchas de luz\u00bb o de sombras a lo largo y ancho de la pantalla. El sistema uniformiza solo brillo pero no el color, como s\u00ed hacen los mejores NEC o EIZO.<\/p>\n<p>He detectado que la zona inferior izquierda tiene una dominante muy ligeramente rojiza, que supongo que es un problema particular de la unidad que tuve ocasi\u00f3n de probar.<\/p>\n<p><a href=\"http:\/\/www.hugorodriguez.com\/blog\/wp-content\/uploads\/2015\/12\/BenQ-SW2700-uniformidad-pantalla.jpg\"><img loading=\"lazy\" decoding=\"async\" class=\"size-medium wp-image-2770 aligncenter\" src=\"http:\/\/www.hugorodriguez.com\/blog\/wp-content\/uploads\/2015\/12\/BenQ-SW2700-uniformidad-pantalla-500x297.jpg\" alt=\"BenQ-SW2700-uniformidad-pantalla\" width=\"500\" height=\"297\" srcset=\"https:\/\/www.hugorodriguez.com\/blog\/wp-content\/uploads\/2015\/12\/BenQ-SW2700-uniformidad-pantalla-500x297.jpg 500w, https:\/\/www.hugorodriguez.com\/blog\/wp-content\/uploads\/2015\/12\/BenQ-SW2700-uniformidad-pantalla-450x268.jpg 450w, https:\/\/www.hugorodriguez.com\/blog\/wp-content\/uploads\/2015\/12\/BenQ-SW2700-uniformidad-pantalla-705x419.jpg 705w, https:\/\/www.hugorodriguez.com\/blog\/wp-content\/uploads\/2015\/12\/BenQ-SW2700-uniformidad-pantalla.jpg 800w\" sizes=\"auto, (max-width: 500px) 100vw, 500px\" \/><\/a><\/p>\n<p>El monitor ha sido calibrado en fabrica (que no perfilado; es decir: a\u00fan hace falta generar el perfil ICC una vez que lo conectas a un equipo) y trae un certificado con los resultados, de forma que la curva de grises est\u00e1 perfectamente ajustada a la de gamma 2,2 y los <em>presets<\/em> Adobe RGB y sRGB se corresponden fielmente con los est\u00e1ndares que representan. La desviaci\u00f3n es menor a Delta E 2, un valor bastante bueno.<\/p>\n<p>Muy interesante para los que buscan una pantalla que venga muy bien ajustada de f\u00e1brica.<\/p>\n<p>Comparando la gama con un DELL U2713H, se puede ver que el SW2700 es ligeramente superior, aunque ambos tienen unas gamas muy similares, con lo que las diferencias estriban en otros aspectos, como las posibilidades del men\u00fa OSD o la LUT interna.<\/p>\n<p style=\"text-align: center;\"><a href=\"http:\/\/www.hugorodriguez.com\/blog\/wp-content\/uploads\/2015\/12\/benq-sw2700pt-vs-dell-u2413.jpg\"><img loading=\"lazy\" decoding=\"async\" class=\"alignnone size-medium wp-image-2768\" src=\"http:\/\/www.hugorodriguez.com\/blog\/wp-content\/uploads\/2015\/12\/benq-sw2700pt-vs-dell-u2413-500x401.jpg\" alt=\"benq-sw2700pt-vs-dell-u2413\" width=\"500\" height=\"401\" srcset=\"https:\/\/www.hugorodriguez.com\/blog\/wp-content\/uploads\/2015\/12\/benq-sw2700pt-vs-dell-u2413-500x401.jpg 500w, https:\/\/www.hugorodriguez.com\/blog\/wp-content\/uploads\/2015\/12\/benq-sw2700pt-vs-dell-u2413-450x361.jpg 450w, https:\/\/www.hugorodriguez.com\/blog\/wp-content\/uploads\/2015\/12\/benq-sw2700pt-vs-dell-u2413-705x565.jpg 705w, https:\/\/www.hugorodriguez.com\/blog\/wp-content\/uploads\/2015\/12\/benq-sw2700pt-vs-dell-u2413.jpg 734w\" sizes=\"auto, (max-width: 500px) 100vw, 500px\" \/><\/a><br \/>\nMalla negra: DELL U2413; Malla colorida: BenQ SW2700PT.<\/p>\n<p>En definitiva, la SW2700PT es una pantalla que demuestra que BenQ se ha tomado muy en serio lo de introducirse en el mundo de los monitores hi-end para fotograf\u00eda y dise\u00f1o. Los fot\u00f3grafos exigentes apreciaran su amplia gama de color (de las mejores del mercado en estos momentos), sus men\u00fas muy bien organizados y de tan f\u00e1cil manejo con el innovador mando a distancia.<\/p>\n<p>Y sus extras: la visera y el programa Palette Elements. Bueno, y el precio, que sin duda sorprender\u00e1 a muchos.<\/p>\n<p>Es cierto que tiene -como todos- algunas pegas, pero la mayor\u00eda son cosas comprensibles que es bastante probable queden subsanadas a corto plazo. Con todo, el BenQ AW2700PT es un monitor muy recomendable.<\/p>\n<p>Mis agradecimientos a Colour Confidence y a BenQ por dejarme probar este monitor.<\/p>\n<p><span style=\"font-style: italic;\">Nota: ColourConfidence y BenQ\u00a0me han prestado este monitor\u00a0para hacer este art\u00edculo. No he tenido que pagar nada y tampoco he recibido ninguna compensaci\u00f3n econ\u00f3mica. He tenido que devolverlo al cabo de varias\u00a0semanas.<\/span><\/p>\n","protected":false},"excerpt":{"rendered":"<p>En la fotograf\u00eda moderna toda la informaci\u00f3n es digital. Eso est\u00e1 muy bien y tiene un mont\u00f3n de ventajas, como que las fotos no se degradan con el tiempo (en un disco duro, claro est\u00e1), que las posibilidades de manipulaci\u00f3n son extraordinarias o que las copias son id\u00e9nticas al original. Pero si a los fot\u00f3grafos [&hellip;]<\/p>\n","protected":false},"author":1,"featured_media":2779,"parent":2652,"menu_order":0,"comment_status":"open","ping_status":"closed","template":"","meta":{"footnotes":""},"class_list":["post-2760","page","type-page","status-publish","has-post-thumbnail","hentry"],"_links":{"self":[{"href":"https:\/\/www.hugorodriguez.com\/blog\/wp-json\/wp\/v2\/pages\/2760","targetHints":{"allow":["GET"]}}],"collection":[{"href":"https:\/\/www.hugorodriguez.com\/blog\/wp-json\/wp\/v2\/pages"}],"about":[{"href":"https:\/\/www.hugorodriguez.com\/blog\/wp-json\/wp\/v2\/types\/page"}],"author":[{"embeddable":true,"href":"https:\/\/www.hugorodriguez.com\/blog\/wp-json\/wp\/v2\/users\/1"}],"replies":[{"embeddable":true,"href":"https:\/\/www.hugorodriguez.com\/blog\/wp-json\/wp\/v2\/comments?post=2760"}],"version-history":[{"count":5,"href":"https:\/\/www.hugorodriguez.com\/blog\/wp-json\/wp\/v2\/pages\/2760\/revisions"}],"predecessor-version":[{"id":2783,"href":"https:\/\/www.hugorodriguez.com\/blog\/wp-json\/wp\/v2\/pages\/2760\/revisions\/2783"}],"up":[{"embeddable":true,"href":"https:\/\/www.hugorodriguez.com\/blog\/wp-json\/wp\/v2\/pages\/2652"}],"wp:featuredmedia":[{"embeddable":true,"href":"https:\/\/www.hugorodriguez.com\/blog\/wp-json\/wp\/v2\/media\/2779"}],"wp:attachment":[{"href":"https:\/\/www.hugorodriguez.com\/blog\/wp-json\/wp\/v2\/media?parent=2760"}],"curies":[{"name":"wp","href":"https:\/\/api.w.org\/{rel}","templated":true}]}}