{"id":18721,"date":"2021-02-15T10:29:18","date_gmt":"2021-02-15T08:29:18","guid":{"rendered":"https:\/\/www.hugorodriguez.com\/blog\/?page_id=18721"},"modified":"2021-02-15T12:56:13","modified_gmt":"2021-02-15T10:56:13","slug":"merchandising","status":"publish","type":"page","link":"https:\/\/www.hugorodriguez.com\/blog\/shop\/merchandising\/","title":{"rendered":"Merchandising"},"content":{"rendered":"<p>[spreadshop]<\/p>\n<p>Al comprar pagar\u00e1s a Spreadshirt, pero yo recibir\u00e9 una peque\u00f1a comisi\u00f3n que me ayudar\u00e1, sin ning\u00fan coste extra para t\u00ed porque tu pagar\u00e1s lo mismo.<\/p>\n<p>&nbsp;<\/p>\n","protected":false},"excerpt":{"rendered":"<p>[spreadshop] Al comprar pagar\u00e1s a Spreadshirt, pero yo recibir\u00e9 una peque\u00f1a comisi\u00f3n que me ayudar\u00e1, sin ning\u00fan coste extra para t\u00ed porque tu pagar\u00e1s lo mismo. &nbsp;<\/p>\n","protected":false},"author":1,"featured_media":0,"parent":3347,"menu_order":0,"comment_status":"closed","ping_status":"closed","template":"template-blank.php","meta":{"footnotes":""},"class_list":["post-18721","page","type-page","status-publish","hentry"],"_links":{"self":[{"href":"https:\/\/www.hugorodriguez.com\/blog\/wp-json\/wp\/v2\/pages\/18721","targetHints":{"allow":["GET"]}}],"collection":[{"href":"https:\/\/www.hugorodriguez.com\/blog\/wp-json\/wp\/v2\/pages"}],"about":[{"href":"https:\/\/www.hugorodriguez.com\/blog\/wp-json\/wp\/v2\/types\/page"}],"author":[{"embeddable":true,"href":"https:\/\/www.hugorodriguez.com\/blog\/wp-json\/wp\/v2\/users\/1"}],"replies":[{"embeddable":true,"href":"https:\/\/www.hugorodriguez.com\/blog\/wp-json\/wp\/v2\/comments?post=18721"}],"version-history":[{"count":5,"href":"https:\/\/www.hugorodriguez.com\/blog\/wp-json\/wp\/v2\/pages\/18721\/revisions"}],"predecessor-version":[{"id":18748,"href":"https:\/\/www.hugorodriguez.com\/blog\/wp-json\/wp\/v2\/pages\/18721\/revisions\/18748"}],"up":[{"embeddable":true,"href":"https:\/\/www.hugorodriguez.com\/blog\/wp-json\/wp\/v2\/pages\/3347"}],"wp:attachment":[{"href":"https:\/\/www.hugorodriguez.com\/blog\/wp-json\/wp\/v2\/media?parent=18721"}],"curies":[{"name":"wp","href":"https:\/\/api.w.org\/{rel}","templated":true}]}}