{"id":1560,"date":"2014-11-04T19:55:06","date_gmt":"2014-11-04T18:55:06","guid":{"rendered":"http:\/\/www.hugorodriguez.com\/blog\/?page_id=1560"},"modified":"2019-04-02T12:54:44","modified_gmt":"2019-04-02T10:54:44","slug":"calibracion-del-proyector","status":"publish","type":"page","link":"https:\/\/www.hugorodriguez.com\/blog\/servicios-de-gestion-de-color\/calibracion-del-proyector\/","title":{"rendered":"Calibraci\u00f3n del proyector (in-situ)"},"content":{"rendered":"<h3>\u00bfQuieres ver pel\u00edculas y videos con el mismo aspecto que en el cine? \u00bfHarto de ver color extra\u00f1os\u00a0en el proyector?<\/h3>\n<p><a href=\"http:\/\/www.hugorodriguez.com\/blog\/wp-content\/uploads\/2014\/11\/Proyector-Canon-SX80MkII-Aula17-EFTI-01.jpg\"><img loading=\"lazy\" decoding=\"async\" class=\"aligncenter wp-image-1561\" src=\"http:\/\/www.hugorodriguez.com\/blog\/wp-content\/uploads\/2014\/11\/Proyector-Canon-SX80MkII-Aula17-EFTI-01.jpg\" alt=\"proyector-canon-01\" width=\"650\" height=\"430\" srcset=\"https:\/\/www.hugorodriguez.com\/blog\/wp-content\/uploads\/2014\/11\/Proyector-Canon-SX80MkII-Aula17-EFTI-01.jpg 1000w, https:\/\/www.hugorodriguez.com\/blog\/wp-content\/uploads\/2014\/11\/Proyector-Canon-SX80MkII-Aula17-EFTI-01-450x298.jpg 450w, https:\/\/www.hugorodriguez.com\/blog\/wp-content\/uploads\/2014\/11\/Proyector-Canon-SX80MkII-Aula17-EFTI-01-500x331.jpg 500w, https:\/\/www.hugorodriguez.com\/blog\/wp-content\/uploads\/2014\/11\/Proyector-Canon-SX80MkII-Aula17-EFTI-01-800x529.jpg 800w, https:\/\/www.hugorodriguez.com\/blog\/wp-content\/uploads\/2014\/11\/Proyector-Canon-SX80MkII-Aula17-EFTI-01-705x466.jpg 705w\" sizes=\"auto, (max-width: 650px) 100vw, 650px\" \/><\/a><\/p>\n<p>&nbsp;<\/p>\n<p>Encontrarse colores extra\u00f1os en el monitor o la TV es, desgraciadamente, algo habitual y muchos ya lo han experimentado.\u00a0Pero, en ese sentido, el que se lleva la peor fama\u00a0es el proyector, y el que ha generado\u00a0los peores \u00absustos\u00bb.<\/p>\n<p>Afortunadamente, los modelos de gama media y alta cuentan con multitud de ajustes que posibilitan una calibraci\u00f3n fina, pero es pr\u00e1cticamente imposible conseguirlo si no se hace con\u00a0las herramientas adecuadas y haciendo mediciones precisas.<\/p>\n<p><img loading=\"lazy\" decoding=\"async\" class=\"aligncenter wp-image-1937\" src=\"http:\/\/www.hugorodriguez.com\/blog\/wp-content\/uploads\/2014\/11\/Menus-Proyector-Canon-SX80MkII.jpg\" alt=\"Menus-Proyector-Canon-SX80MkII\" width=\"650\" height=\"483\" srcset=\"https:\/\/www.hugorodriguez.com\/blog\/wp-content\/uploads\/2014\/11\/Menus-Proyector-Canon-SX80MkII.jpg 800w, https:\/\/www.hugorodriguez.com\/blog\/wp-content\/uploads\/2014\/11\/Menus-Proyector-Canon-SX80MkII-450x334.jpg 450w, https:\/\/www.hugorodriguez.com\/blog\/wp-content\/uploads\/2014\/11\/Menus-Proyector-Canon-SX80MkII-500x371.jpg 500w, https:\/\/www.hugorodriguez.com\/blog\/wp-content\/uploads\/2014\/11\/Menus-Proyector-Canon-SX80MkII-705x523.jpg 705w\" sizes=\"auto, (max-width: 650px) 100vw, 650px\" \/><\/p>\n<p>&nbsp;<\/p>\n<h2 style=\"text-align: center\">\u00bfEn qu\u00e9 consiste?<\/h2>\n<p>B\u00e1sicamente en que\u00a0despu\u00e9s de contactar conmigo\u00a0me desplazar\u00e9 a donde est\u00e9s, y calibrar\u00e9 el proyector usando\u00a0mi espectrofot\u00f3metro hasta conseguir la mejor respuesta de color que sea posible.<\/p>\n<p>&nbsp;<\/p>\n<div  class='avia-button-wrap av-ct4ons-57e37507fc0beaf7a61402c6d3180aea-wrap avia-button-center  avia-builder-el-0  el_before_av_toggle_container  avia-builder-el-first '><a href='https:\/\/www.hugorodriguez.com\/blog\/servicios-de-gestion-de-color\/calibracion-del-proyector\/solicitud-calibrador-proyector\/'  class='avia-button av-ct4ons-57e37507fc0beaf7a61402c6d3180aea av-link-btn avia-icon_select-no avia-size-large avia-position-center avia-color-orange'   aria-label=\"SOLICITAR CALIBRACI\u00d3N\"><span class='avia_iconbox_title' >SOLICITAR CALIBRACI\u00d3N<\/span><\/a><\/div>\n<p>&nbsp;<\/p>\n<div  class='togglecontainer av-bin5qw-d6cac14f8a9335de48bc7a773d6f376d  avia-builder-el-1  el_after_av_button  el_before_av_hr  toggle_close_all' >\n<section class='av_toggle_section av-93eih4-58e020afb11045bd06394c16cd578c5d'  itemscope=\"itemscope\" itemtype=\"https:\/\/schema.org\/CreativeWork\" ><div role=\"tablist\" class=\"single_toggle\" data-tags=\"{Todo} \"  ><p id='toggle-toggle-id-1' data-fake-id='#toggle-id-1' class='toggler  av-title-above '  itemprop=\"headline\"  role='tab' tabindex='0' aria-controls='toggle-id-1' data-slide-speed=\"200\" data-title=\"\u00bfQU\u00c9 NECESITO PARA SOLICITARLO?\" data-title-open=\"\" data-aria_collapsed=\"Click to expand: \u00bfQU\u00c9 NECESITO PARA SOLICITARLO?\" data-aria_expanded=\"Click to collapse: \u00bfQU\u00c9 NECESITO PARA SOLICITARLO?\">\u00bfQU\u00c9 NECESITO PARA SOLICITARLO?<span class=\"toggle_icon\"><span class=\"vert_icon\"><\/span><span class=\"hor_icon\"><\/span><\/span><\/p><div id='toggle-id-1' aria-labelledby='toggle-toggle-id-1' role='region' class='toggle_wrap  av-title-above'  ><div class='toggle_content invers-color '  itemprop=\"text\" ><p>Basta que\u00a0<a title=\"Solicitud de calibrado de pantalla para video\" href=\"http:\/\/www.hugorodriguez.com\/blog\/servicios-de-gestion-de-color\/servicio-de-calibracion-de-tv-video-in-situ\/solicitud-calibrado-pantalla-para-video\/\">contactes<\/a>\u00a0conmigo y me indiques:<\/p>\n<ul>\n<li><strong>Qu\u00e9 proyector es<\/strong> (marca y modelo) y c\u00f3mo lo tienes conectado (por cable HDMI, VGA\u2026).<\/li>\n<li><strong>A qu\u00e9 lo tienes conectado<\/strong> (a un ordenador, un reproductor DVD, un mediaplayer\u2026).<\/li>\n<li>En caso de estar conectado a un ordenador, necesitar\u00e9 saber:\n<ul>\n<li><strong>Cu\u00e1l es<\/strong> (marca, modelo y sistema operativo).<\/li>\n<li><strong>Qu\u00e9 software de fotograf\u00eda, video, multimedia, Web o 3D utilizas<\/strong> y necesitas que gestione bien el color.<\/li>\n<\/ul>\n<\/li>\n<\/ul>\n<p>Para poder calibrar la pantalla hay que reproducir una serie de clips de video especiales con colores de referencia, que est\u00e1n en formato H.264 y container MP4, o en disco (Blu-ray y DVD). El unico requisito es poder reproducir estos clips.<\/p>\n<p>En el caso de que est\u00e9 conectado a un ordenador, habr\u00e1 que instalar software (para que funcione el calibrador), as\u00ed que debes tener permisos de administrador. Si es un ordenador de empresa, contacta con el servicio de inform\u00e1tica ya que suelen estar bloqueados.<\/p>\n<\/div><\/div><\/div><\/section>\n<section class='av_toggle_section av-7bprw8-3afd0bc7afa15054c9a45466818e325c'  itemscope=\"itemscope\" itemtype=\"https:\/\/schema.org\/CreativeWork\" ><div role=\"tablist\" class=\"single_toggle\" data-tags=\"{Todo} \"  ><p id='toggle-toggle-id-2' data-fake-id='#toggle-id-2' class='toggler  av-title-above '  itemprop=\"headline\"  role='tab' tabindex='0' aria-controls='toggle-id-2' data-slide-speed=\"200\" data-title=\"\u00bfCU\u00c1NTO TARDA?\" data-title-open=\"\" data-aria_collapsed=\"Click to expand: \u00bfCU\u00c1NTO TARDA?\" data-aria_expanded=\"Click to collapse: \u00bfCU\u00c1NTO TARDA?\">\u00bfCU\u00c1NTO TARDA?<span class=\"toggle_icon\"><span class=\"vert_icon\"><\/span><span class=\"hor_icon\"><\/span><\/span><\/p><div id='toggle-id-2' aria-labelledby='toggle-toggle-id-2' role='region' class='toggle_wrap  av-title-above'  ><div class='toggle_content invers-color '  itemprop=\"text\" ><p>Depende de cada caso particular. En general, si est\u00e1 conectado a un ordenador en una hora suele estar hecho. Si est\u00e1 conectado a un reproductor calcula 90 minutos aproximadamente.<\/p>\n<\/div><\/div><\/div><\/section>\n<section class='av_toggle_section av-5k3lwo-52a97ef52d8420f5d0d48aa9708e5fda'  itemscope=\"itemscope\" itemtype=\"https:\/\/schema.org\/CreativeWork\" ><div role=\"tablist\" class=\"single_toggle\" data-tags=\"{Todo} \"  ><p id='toggle-toggle-id-3' data-fake-id='#toggle-id-3' class='toggler  av-title-above '  itemprop=\"headline\"  role='tab' tabindex='0' aria-controls='toggle-id-3' data-slide-speed=\"200\" data-title=\"\u00bfCU\u00c1NTO CUESTA?\" data-title-open=\"\" data-aria_collapsed=\"Click to expand: \u00bfCU\u00c1NTO CUESTA?\" data-aria_expanded=\"Click to collapse: \u00bfCU\u00c1NTO CUESTA?\">\u00bfCU\u00c1NTO CUESTA?<span class=\"toggle_icon\"><span class=\"vert_icon\"><\/span><span class=\"hor_icon\"><\/span><\/span><\/p><div id='toggle-id-3' aria-labelledby='toggle-toggle-id-3' role='region' class='toggle_wrap  av-title-above'  ><div class='toggle_content invers-color '  itemprop=\"text\" ><p>Es imposible\u00a0dar un precio final ya que depende de cada caso en particular y de las dificultades que puedan surgir y del tiempo que lleve resolverlas.<\/p>\n<p>Si est\u00e1s ubicado en Barcelona, el desplazamiento est\u00e1 incluido. En caso de que est\u00e9s m\u00e1s alejado habr\u00e1 que contar con gastos de desplazamiento y estancia. Tambi\u00e9n podemos hacerlo coincidir con alg\u00fan viaje que haga por tu zona.<\/p>\n<p>Puedes hacer el pago mediante una transferencia bancaria o bien a trav\u00e9s de Paypal.<\/p>\n<\/div><\/div><\/div><\/section>\n<section class='av_toggle_section av-4xculk-506825d8b57040723f9586013a3acd32'  itemscope=\"itemscope\" itemtype=\"https:\/\/schema.org\/CreativeWork\" ><div role=\"tablist\" class=\"single_toggle\" data-tags=\"{Todo} \"  ><p id='toggle-toggle-id-4' data-fake-id='#toggle-id-4' class='toggler  av-title-above '  itemprop=\"headline\"  role='tab' tabindex='0' aria-controls='toggle-id-4' data-slide-speed=\"200\" data-title=\"FAQ (preguntas frecuentes)\" data-title-open=\"\" data-aria_collapsed=\"Click to expand: FAQ (preguntas frecuentes)\" data-aria_expanded=\"Click to collapse: FAQ (preguntas frecuentes)\">FAQ (preguntas frecuentes)<span class=\"toggle_icon\"><span class=\"vert_icon\"><\/span><span class=\"hor_icon\"><\/span><\/span><\/p><div id='toggle-id-4' aria-labelledby='toggle-toggle-id-4' role='region' class='toggle_wrap  av-title-above'  ><div class='toggle_content invers-color '  itemprop=\"text\" ><p><strong>P:<\/strong>\u00a0Mi proyector est\u00e1 en una sala en la que entra mucha luz del exterior. \u00bfSe puede calibrar?<\/p>\n<p><strong>R<strong>:<\/strong><\/strong>\u00a0Depende de cu\u00e1nta luz entra y de c\u00f3mo de brillante es la imagen del proyector. <a title=\"Solicitud de calibrado de proyector\" href=\"http:\/\/www.hugorodriguez.com\/blog\/servicios-de-gestion-de-color\/servicio-de-calibracion-del-proyector\/solicitud-calibrador-proyector\/\">Contacta<\/a>\u00a0conmigo\u00a0y analizamos tu caso particular.<\/p>\n<\/div><\/div><\/div><\/section>\n<\/div>\n<p>&nbsp;<\/p>\n<div  class='hr av-221aa0-0db546ebaf05a18deff8ffd910519576 hr-default  avia-builder-el-2  el_after_av_toggle_container  avia-builder-el-last '><span class='hr-inner '><span class=\"hr-inner-style\"><\/span><\/span><\/div>\n<h2 style=\"text-align: center\">\u00bfQuieres saber qu\u00e9 opinan los clientes?<\/h2>\n<p>Pues echa un vistazo a\u00a0lo que algunos de ellos\u00a0han\u00a0<a title=\"Opiniones de clientes\" href=\"http:\/\/www.hugorodriguez.com\/blog\/servicios-de-gestion-de-color\/testimonios\/\">comentado<\/a>.<\/p>\n<p>&nbsp;<\/p>\n<h3 style=\"text-align: right\"><a title=\"Sobre nosotros\" href=\"http:\/\/www.hugorodriguez.com\/blog\/servicios-de-gestion-de-color\/sobre-nosotros\/\">Sobre nosotros<\/a><\/h3>\n","protected":false},"excerpt":{"rendered":"<p>\u00bfQuieres ver pel\u00edculas y videos con el mismo aspecto que en el cine? \u00bfHarto de ver color extra\u00f1os\u00a0en el proyector? &nbsp; Encontrarse colores extra\u00f1os en el monitor o la TV es, desgraciadamente, algo habitual y muchos ya lo han experimentado.\u00a0Pero, en ese sentido, el que se lleva la peor fama\u00a0es el proyector, y el que [&hellip;]<\/p>\n","protected":false},"author":1,"featured_media":0,"parent":1723,"menu_order":0,"comment_status":"closed","ping_status":"closed","template":"template-blank.php","meta":{"footnotes":""},"class_list":["post-1560","page","type-page","status-publish","hentry"],"_links":{"self":[{"href":"https:\/\/www.hugorodriguez.com\/blog\/wp-json\/wp\/v2\/pages\/1560","targetHints":{"allow":["GET"]}}],"collection":[{"href":"https:\/\/www.hugorodriguez.com\/blog\/wp-json\/wp\/v2\/pages"}],"about":[{"href":"https:\/\/www.hugorodriguez.com\/blog\/wp-json\/wp\/v2\/types\/page"}],"author":[{"embeddable":true,"href":"https:\/\/www.hugorodriguez.com\/blog\/wp-json\/wp\/v2\/users\/1"}],"replies":[{"embeddable":true,"href":"https:\/\/www.hugorodriguez.com\/blog\/wp-json\/wp\/v2\/comments?post=1560"}],"version-history":[{"count":5,"href":"https:\/\/www.hugorodriguez.com\/blog\/wp-json\/wp\/v2\/pages\/1560\/revisions"}],"predecessor-version":[{"id":7987,"href":"https:\/\/www.hugorodriguez.com\/blog\/wp-json\/wp\/v2\/pages\/1560\/revisions\/7987"}],"up":[{"embeddable":true,"href":"https:\/\/www.hugorodriguez.com\/blog\/wp-json\/wp\/v2\/pages\/1723"}],"wp:attachment":[{"href":"https:\/\/www.hugorodriguez.com\/blog\/wp-json\/wp\/v2\/media?parent=1560"}],"curies":[{"name":"wp","href":"https:\/\/api.w.org\/{rel}","templated":true}]}}

Calibración del proyector (in-situ)

<h3>¿Quieres ver películas y videos con el mismo aspecto que en el cine? ¿Harto de ver color extraños en el proyector?</h3>
<p><a href="http://www.hugorodriguez.com/blog/wp-content/uploads/2014/11/Proyector-Canon-SX80MkII-Aula17-EFTI-01.jpg"><img loading="lazy" decoding="async" class="aligncenter wp-image-1561" src="http://www.hugorodriguez.com/blog/wp-content/uploads/2014/11/Proyector-Canon-SX80MkII-Aula17-EFTI-01.jpg" alt="proyector-canon-01" width="650" height="430" srcset="https://www.hugorodriguez.com/blog/wp-content/uploads/2014/11/Proyector-Canon-SX80MkII-Aula17-EFTI-01.jpg 1000w, https://www.hugorodriguez.com/blog/wp-content/uploads/2014/11/Proyector-Canon-SX80MkII-Aula17-EFTI-01-450x298.jpg 450w, https://www.hugorodriguez.com/blog/wp-content/uploads/2014/11/Proyector-Canon-SX80MkII-Aula17-EFTI-01-500x331.jpg 500w, https://www.hugorodriguez.com/blog/wp-content/uploads/2014/11/Proyector-Canon-SX80MkII-Aula17-EFTI-01-800x529.jpg 800w, https://www.hugorodriguez.com/blog/wp-content/uploads/2014/11/Proyector-Canon-SX80MkII-Aula17-EFTI-01-705x466.jpg 705w" sizes="auto, (max-width: 650px) 100vw, 650px" /></a></p>
<p>&nbsp;</p>
<p>Encontrarse colores extraños en el monitor o la TV es, desgraciadamente, algo habitual y muchos ya lo han experimentado. Pero, en ese sentido, el que se lleva la peor fama es el proyector, y el que ha generado los peores «sustos».</p>
<p>Afortunadamente, los modelos de gama media y alta cuentan con multitud de ajustes que posibilitan una calibración fina, pero es prácticamente imposible conseguirlo si no se hace con las herramientas adecuadas y haciendo mediciones precisas.</p>
<p><img loading="lazy" decoding="async" class="aligncenter wp-image-1937" src="http://www.hugorodriguez.com/blog/wp-content/uploads/2014/11/Menus-Proyector-Canon-SX80MkII.jpg" alt="Menus-Proyector-Canon-SX80MkII" width="650" height="483" srcset="https://www.hugorodriguez.com/blog/wp-content/uploads/2014/11/Menus-Proyector-Canon-SX80MkII.jpg 800w, https://www.hugorodriguez.com/blog/wp-content/uploads/2014/11/Menus-Proyector-Canon-SX80MkII-450x334.jpg 450w, https://www.hugorodriguez.com/blog/wp-content/uploads/2014/11/Menus-Proyector-Canon-SX80MkII-500x371.jpg 500w, https://www.hugorodriguez.com/blog/wp-content/uploads/2014/11/Menus-Proyector-Canon-SX80MkII-705x523.jpg 705w" sizes="auto, (max-width: 650px) 100vw, 650px" /></p>
<p>&nbsp;</p>
<h2 style="text-align: center">¿En qué consiste?</h2>
<p>Básicamente en que después de contactar conmigo me desplazaré a donde estés, y calibraré el proyector usando mi espectrofotómetro hasta conseguir la mejor respuesta de color que sea posible.</p>
<p>&nbsp;</p>
<div  class='avia-button-wrap av-ct4ons-57e37507fc0beaf7a61402c6d3180aea-wrap avia-button-center  avia-builder-el-0  el_before_av_toggle_container  avia-builder-el-first '><a href='https://www.hugorodriguez.com/blog/servicios-de-gestion-de-color/calibracion-del-proyector/solicitud-calibrador-proyector/'  class='avia-button av-ct4ons-57e37507fc0beaf7a61402c6d3180aea av-link-btn avia-icon_select-no avia-size-large avia-position-center avia-color-orange'   aria-label="SOLICITAR CALIBRACIÓN"><span class='avia_iconbox_title' >SOLICITAR CALIBRACIÓN</span></a></div>
<p>&nbsp;</p>
<div  class='togglecontainer av-bin5qw-d6cac14f8a9335de48bc7a773d6f376d  avia-builder-el-1  el_after_av_button  el_before_av_hr  toggle_close_all' >
<section class='av_toggle_section av-93eih4-58e020afb11045bd06394c16cd578c5d'  itemscope="itemscope" itemtype="https://schema.org/CreativeWork" ><div role="tablist" class="single_toggle" data-tags="{Todo} "  ><p id='toggle-toggle-id-1' data-fake-id='#toggle-id-1' class='toggler  av-title-above '  itemprop="headline"  role='tab' tabindex='0' aria-controls='toggle-id-1' data-slide-speed="200" data-title="¿QUÉ NECESITO PARA SOLICITARLO?" data-title-open="" data-aria_collapsed="Click to expand: ¿QUÉ NECESITO PARA SOLICITARLO?" data-aria_expanded="Click to collapse: ¿QUÉ NECESITO PARA SOLICITARLO?">¿QUÉ NECESITO PARA SOLICITARLO?<span class="toggle_icon"><span class="vert_icon"></span><span class="hor_icon"></span></span></p><div id='toggle-id-1' aria-labelledby='toggle-toggle-id-1' role='region' class='toggle_wrap  av-title-above'  ><div class='toggle_content invers-color '  itemprop="text" ><p>Basta que <a title="Solicitud de calibrado de pantalla para video" href="http://www.hugorodriguez.com/blog/servicios-de-gestion-de-color/servicio-de-calibracion-de-tv-video-in-situ/solicitud-calibrado-pantalla-para-video/">contactes</a> conmigo y me indiques:</p>
<ul>
<li><strong>Qué proyector es</strong> (marca y modelo) y cómo lo tienes conectado (por cable HDMI, VGA…).</li>
<li><strong>A qué lo tienes conectado</strong> (a un ordenador, un reproductor DVD, un mediaplayer…).</li>
<li>En caso de estar conectado a un ordenador, necesitaré saber:
<ul>
<li><strong>Cuál es</strong> (marca, modelo y sistema operativo).</li>
<li><strong>Qué software de fotografía, video, multimedia, Web o 3D utilizas</strong> y necesitas que gestione bien el color.</li>
</ul>
</li>
</ul>
<p>Para poder calibrar la pantalla hay que reproducir una serie de clips de video especiales con colores de referencia, que están en formato H.264 y container MP4, o en disco (Blu-ray y DVD). El unico requisito es poder reproducir estos clips.</p>
<p>En el caso de que esté conectado a un ordenador, habrá que instalar software (para que funcione el calibrador), así que debes tener permisos de administrador. Si es un ordenador de empresa, contacta con el servicio de informática ya que suelen estar bloqueados.</p>
</div></div></div></section>
<section class='av_toggle_section av-7bprw8-3afd0bc7afa15054c9a45466818e325c'  itemscope="itemscope" itemtype="https://schema.org/CreativeWork" ><div role="tablist" class="single_toggle" data-tags="{Todo} "  ><p id='toggle-toggle-id-2' data-fake-id='#toggle-id-2' class='toggler  av-title-above '  itemprop="headline"  role='tab' tabindex='0' aria-controls='toggle-id-2' data-slide-speed="200" data-title="¿CUÁNTO TARDA?" data-title-open="" data-aria_collapsed="Click to expand: ¿CUÁNTO TARDA?" data-aria_expanded="Click to collapse: ¿CUÁNTO TARDA?">¿CUÁNTO TARDA?<span class="toggle_icon"><span class="vert_icon"></span><span class="hor_icon"></span></span></p><div id='toggle-id-2' aria-labelledby='toggle-toggle-id-2' role='region' class='toggle_wrap  av-title-above'  ><div class='toggle_content invers-color '  itemprop="text" ><p>Depende de cada caso particular. En general, si está conectado a un ordenador en una hora suele estar hecho. Si está conectado a un reproductor calcula 90 minutos aproximadamente.</p>
</div></div></div></section>
<section class='av_toggle_section av-5k3lwo-52a97ef52d8420f5d0d48aa9708e5fda'  itemscope="itemscope" itemtype="https://schema.org/CreativeWork" ><div role="tablist" class="single_toggle" data-tags="{Todo} "  ><p id='toggle-toggle-id-3' data-fake-id='#toggle-id-3' class='toggler  av-title-above '  itemprop="headline"  role='tab' tabindex='0' aria-controls='toggle-id-3' data-slide-speed="200" data-title="¿CUÁNTO CUESTA?" data-title-open="" data-aria_collapsed="Click to expand: ¿CUÁNTO CUESTA?" data-aria_expanded="Click to collapse: ¿CUÁNTO CUESTA?">¿CUÁNTO CUESTA?<span class="toggle_icon"><span class="vert_icon"></span><span class="hor_icon"></span></span></p><div id='toggle-id-3' aria-labelledby='toggle-toggle-id-3' role='region' class='toggle_wrap  av-title-above'  ><div class='toggle_content invers-color '  itemprop="text" ><p>Es imposible dar un precio final ya que depende de cada caso en particular y de las dificultades que puedan surgir y del tiempo que lleve resolverlas.</p>
<p>Si estás ubicado en Barcelona, el desplazamiento está incluido. En caso de que estés más alejado habrá que contar con gastos de desplazamiento y estancia. También podemos hacerlo coincidir con algún viaje que haga por tu zona.</p>
<p>Puedes hacer el pago mediante una transferencia bancaria o bien a través de Paypal.</p>
</div></div></div></section>
<section class='av_toggle_section av-4xculk-506825d8b57040723f9586013a3acd32'  itemscope="itemscope" itemtype="https://schema.org/CreativeWork" ><div role="tablist" class="single_toggle" data-tags="{Todo} "  ><p id='toggle-toggle-id-4' data-fake-id='#toggle-id-4' class='toggler  av-title-above '  itemprop="headline"  role='tab' tabindex='0' aria-controls='toggle-id-4' data-slide-speed="200" data-title="FAQ (preguntas frecuentes)" data-title-open="" data-aria_collapsed="Click to expand: FAQ (preguntas frecuentes)" data-aria_expanded="Click to collapse: FAQ (preguntas frecuentes)">FAQ (preguntas frecuentes)<span class="toggle_icon"><span class="vert_icon"></span><span class="hor_icon"></span></span></p><div id='toggle-id-4' aria-labelledby='toggle-toggle-id-4' role='region' class='toggle_wrap  av-title-above'  ><div class='toggle_content invers-color '  itemprop="text" ><p><strong>P:</strong> Mi proyector está en una sala en la que entra mucha luz del exterior. ¿Se puede calibrar?</p>
<p><strong>R<strong>:</strong></strong> Depende de cuánta luz entra y de cómo de brillante es la imagen del proyector. <a title="Solicitud de calibrado de proyector" href="http://www.hugorodriguez.com/blog/servicios-de-gestion-de-color/servicio-de-calibracion-del-proyector/solicitud-calibrador-proyector/">Contacta</a> conmigo y analizamos tu caso particular.</p>
</div></div></div></section>
</div>
<p>&nbsp;</p>
<div  class='hr av-221aa0-0db546ebaf05a18deff8ffd910519576 hr-default  avia-builder-el-2  el_after_av_toggle_container  avia-builder-el-last '><span class='hr-inner '><span class="hr-inner-style"></span></span></div>
<h2 style="text-align: center">¿Quieres saber qué opinan los clientes?</h2>
<p>Pues echa un vistazo a lo que algunos de ellos han <a title="Opiniones de clientes" href="http://www.hugorodriguez.com/blog/servicios-de-gestion-de-color/testimonios/">comentado</a>.</p>
<p>&nbsp;</p>
<h3 style="text-align: right"><a title="Sobre nosotros" href="http://www.hugorodriguez.com/blog/servicios-de-gestion-de-color/sobre-nosotros/">Sobre nosotros</a></h3>

<p>¿Quieres ver películas y videos con el mismo aspecto que en el cine? ¿Harto de ver color extraños en el proyector? &nbsp; Encontrarse colores extraños en el monitor o la TV es, desgraciadamente, algo habitual y muchos ya lo han experimentado. Pero, en ese sentido, el que se lleva la peor fama es el proyector, y el que [&hellip;]</p>
