{"id":1554,"date":"2014-11-04T19:47:32","date_gmt":"2014-11-04T18:47:32","guid":{"rendered":"http:\/\/www.hugorodriguez.com\/blog\/?page_id=1554"},"modified":"2014-11-20T23:02:39","modified_gmt":"2014-11-20T22:02:39","slug":"calibracion-remota-del-monitor","status":"publish","type":"page","link":"https:\/\/www.hugorodriguez.com\/blog\/servicios-de-gestion-de-color\/calibracion-remota-del-monitor\/","title":{"rendered":"Calibraci\u00f3n remota del monitor"},"content":{"rendered":"<h3>\u00bfTienes un calibrador pero acabas de estar seguro de utilizarlo correctamente? \u00bfNo te f\u00edas de estar siguiendo los pasos correctamente? \u00bfTu monitor muestra colores extra\u00f1os?<\/h3>\n<h3>Si tienes problemas con tu monitor y necesitas la ayuda de un especialista, sigue leyendo\u2026<\/h3>\n<p><img loading=\"lazy\" decoding=\"async\" class=\"aligncenter size-medium wp-image-1552\" src=\"http:\/\/www.hugorodriguez.com\/blog\/wp-content\/uploads\/2014\/11\/Spyder-4-Elite-16-450x500.jpg\" alt=\"Spyder 4 Elite 16\" width=\"450\" height=\"500\" srcset=\"https:\/\/www.hugorodriguez.com\/blog\/wp-content\/uploads\/2014\/11\/Spyder-4-Elite-16-450x500.jpg 450w, https:\/\/www.hugorodriguez.com\/blog\/wp-content\/uploads\/2014\/11\/Spyder-4-Elite-16-634x705.jpg 634w, https:\/\/www.hugorodriguez.com\/blog\/wp-content\/uploads\/2014\/11\/Spyder-4-Elite-16.jpg 720w\" sizes=\"auto, (max-width: 450px) 100vw, 450px\" \/><\/p>\n<p>&nbsp;<\/p>\n<h2 style=\"text-align: center;\">\u00bfEn qu\u00e9 consiste?<\/h2>\n<p>Habitualmente el calibrado de monitores se hace in-situ, como es de suponer; este servicio remoto tiene como objetivo ofrecer una alternativa para cuando no es posible desplazarse. As\u00ed, ser\u00e1s t\u00fa con tu propio equipo quien consiga un resultado \u00f3ptimo, con mi ayuda.<\/p>\n<p>B\u00e1sicamente me est\u00e1s contratando para que:<\/p>\n<ul>\n<li>Haga un <strong>chequeo del correcto funcionamiento del sistema gr\u00e1fico<\/strong> de tu ordenador y, en su caso, te d\u00e9 indicaciones para corregirlo problemas que pueden afectar a la calidad de imagen.<\/li>\n<li><strong>Examine el entorno en el que trabajas<\/strong> y te de consejos pr\u00e1cticos para evitar que est\u00e9s cometiendo errores que puedan afectar negativamente a la calidad de lo que ves en tu pantalla.<\/li>\n<li>Te aconseje acerca de <strong>cu\u00e1l es el calibrador m\u00e1s adecuado<\/strong> para ti en el caso de que debas comprar uno.<\/li>\n<li><strong>Supervise, paso a paso, el proceso que sigues<\/strong> cuando calibras tu monitor, para detectar posibles errores y as\u00ed puedas conseguir el mejor resultado posible con tu propio equipo.<\/li>\n<\/ul>\n<p>La forma de llevarlo a cabo es mediante asistencia telepresencial; es decir: nos conectaremos a trav\u00e9s de Internet para que yo pueda ver tu pantalla e interactuar con tu ordenador y al mismo tiempo hablar.<a href=\"http:\/\/www.hugorodriguez.com\/blog\/wp-content\/uploads\/2014\/11\/Spyder-4-Elite-16.jpg\"><br \/>\n<\/a><\/p>\n<p>\u00bfQu\u00e9 necesito para solicitarlo?<\/p>\n<p>Nada en particular. Basta que me contactes usando el formulario y me indiques:<\/p>\n<p>&#8211;\u00a0\u00a0\u00a0\u00a0\u00a0\u00a0\u00a0\u00a0\u00a0 Qu\u00e9 ordenador tienes (marca, modelo y sistema operativo).<\/p>\n<p>&#8211;\u00a0\u00a0\u00a0\u00a0\u00a0\u00a0\u00a0\u00a0\u00a0 Que monitor tienes (marca y modelo) y c\u00f3mo est\u00e1 conectado.<\/p>\n<p>&#8211;\u00a0\u00a0\u00a0\u00a0\u00a0\u00a0\u00a0\u00a0\u00a0 Qu\u00e9 software de fotograf\u00eda utilizas y quieres asegurarte de que te muestra unos colores fieles.<\/p>\n<p>Es posible que haya que instalar software (para que funcione el calibrador), as\u00ed que debes de tener permisos de administrador. Si es un ordenador de empresa, contacta con el servicio de inform\u00e1tica ya que suelen estar bloqueados.<\/p>\n<p>Para la conexi\u00f3n tele presencial tendr\u00e1s que instalar un software gratuito en tu ordenador (Teamviewer o Skype).<\/p>\n<p>&nbsp;<\/p>\n<p>\u00bfCu\u00e1nto tarda?<\/p>\n<p>Generalmente muy poco, aunque depende de tu caso particular. Si \u00fanicamente quieres que supervise paso a paso c\u00f3mo calibrar tu monitor y haga un chequeo de las condiciones de iluminaci\u00f3n de tu estudio y de la configuraci\u00f3n de tu ordenador, en una hora suele estar hecho. Si hacen falta dos o m\u00e1s, no tienen por qu\u00e9 ser seguidas, sino que primero dedicamos un rato y te doy varias indicaciones y tareas para llevar a cabo y despu\u00e9s de unas horas, al d\u00eda siguiente o despu\u00e9s de varios d\u00edas nos conectamos en una segunda sesi\u00f3n para finalizar el proceso.<\/p>\n<p>&nbsp;<\/p>\n<p>\u00bfCu\u00e1nto cuesta?<\/p>\n<p>Menos de lo que pensabas: 1 \u20ac\/minuto.<\/p>\n<p>Para el pago, puedes enviarme una transferencia bancaria o bien hacerlo a trav\u00e9s de Paypal. Tendr\u00e1s que hacer un pago inicial para tener cr\u00e9dito (t\u00edpicamente 1h) y as\u00ed poder concertar una sesi\u00f3n tele presencial.<\/p>\n<p>&nbsp;<\/p>\n<p>FAQ (preguntas frecuentes)<\/p>\n<p>&nbsp;<\/p>\n<p><strong>P)<\/strong> No estoy seguro de si la pantalla que uso tiene calidad suficiente para poderse calibrar bien\u2026<\/p>\n<p><strong>R)<\/strong> Contacta conmigo [link] y lo averiguaremos.<\/p>\n<p>&nbsp;<\/p>\n<p><strong>P)<\/strong> Uso un viejo monitor; \u00bfvale la pena calibrarlo o es mejor cambiarlo por uno moderno antes? En ese caso, \u00bfpor cu\u00e1l ser\u00eda recomendable?<\/p>\n<p><strong>R)<\/strong> Contacta conmigo [link] y sabremos si hace falta o no. En caso de cambiar, puedo recomendarte un modelo adecuado a tus necesidades.<\/p>\n<p>&nbsp;<\/p>\n<p>&nbsp;<\/p>\n<p><strong>P)<\/strong> \u00bfEste proceso me garantiza que mi pantalla se va a ver perfecta?<\/p>\n<p><strong>R)<\/strong> Lo que te garantiza es que se ver\u00e1 de la mejor forma posible con los medios que tienes. Lo que no se puede conseguir, por ejemplo, es ver una gama de color Adobe RGB en una pantalla que s\u00f3lo es sRGB, por muy bien que se calibre. Por otra parte, la calidad del resultado depende de la calidad de tu calibrador. Cuando lo calibro in-situ, utilizo mi espectrofot\u00f3metro de alta precisi\u00f3n X-Rite i1 Pro2.<\/p>\n<p>&nbsp;<\/p>\n<p><strong>P)<\/strong> Mi monitor NEC\/EIZO\/Quato\/Barco tiene un software propio; \u00bfes compatible con este proceso?<\/p>\n<p><strong>R)<\/strong> S\u00ed, y de hecho lo m\u00e1s recomendable suele ser utilizar el software propio.<\/p>\n<p>&nbsp;<\/p>\n<p><strong>P)<\/strong> Despu\u00e9s de haber calibrado mi pantalla se ve bien, pero un amigo que tiene el mismo monitor disfruta de colores m\u00e1s vivos; \u00bfpor qu\u00e9?<\/p>\n<p><strong>R)<\/strong> Podr\u00eda deberse a varias causas: que tu calibrador sea antiguo e incapaz de exprimir tu moderno monitor con gama Adobe RGB (en ese caso se hace imprescindible cambiar de calibrador). Tambi\u00e9n, podr\u00eda ser que la calibraci\u00f3n de tu amigo no sea correcta y derive en exceso de color.<\/p>\n<p>&nbsp;<\/p>\n<p><strong>P)<\/strong> \u00bfCu\u00e1ndo tendr\u00eda que volver a calibrar la pantalla?<\/p>\n<p><strong>R)<\/strong> No hay una fecha fija, pero suelo recomendar un plazo de entre 3 y 6 meses.<\/p>\n<p>&nbsp;<\/p>\n<p><strong>P)<\/strong> \u00bfQu\u00e9 ocurre si durante la calibraci\u00f3n se detecta un mal funcionamiento del monitor?<\/p>\n<p><strong>R)<\/strong> En ocasiones puede ocurrir, aunque es raro. Simplemente se aborta el proceso hasta que se resuelva el problema. Habr\u00e1 que abonar el tiempo empleado hasta entonces, eso s\u00ed.<\/p>\n<p>&nbsp;<\/p>\n<p><strong>P)<\/strong> Ya tengo la pantalla calibrada, pero veo los colores menos saturados, y antes se parec\u00edan m\u00e1s a las copias impresas.<\/p>\n<p><strong>R)<\/strong> Es un efecto que ocurre en ocasiones. Si la pantalla est\u00e1 bien calibrada, puedes estar seguro de que los colores ahora se ven m\u00e1s fieles. \u00bfAntes estaban m\u00e1s saturados? Puede ser&#8230; Pero eso no hace m\u00e1s que confirmar que antes estaban desviados.<\/p>\n","protected":false},"excerpt":{"rendered":"<p>\u00bfTienes un calibrador pero acabas de estar seguro de utilizarlo correctamente? \u00bfNo te f\u00edas de estar siguiendo los pasos correctamente? \u00bfTu monitor muestra colores extra\u00f1os? Si tienes problemas con tu monitor y necesitas la ayuda de un especialista, sigue leyendo\u2026 &nbsp; \u00bfEn qu\u00e9 consiste? Habitualmente el calibrado de monitores se hace in-situ, como es de [&hellip;]<\/p>\n","protected":false},"author":1,"featured_media":0,"parent":1723,"menu_order":0,"comment_status":"closed","ping_status":"closed","template":"template-blank.php","meta":{"footnotes":""},"class_list":["post-1554","page","type-page","status-publish","hentry"],"_links":{"self":[{"href":"https:\/\/www.hugorodriguez.com\/blog\/wp-json\/wp\/v2\/pages\/1554","targetHints":{"allow":["GET"]}}],"collection":[{"href":"https:\/\/www.hugorodriguez.com\/blog\/wp-json\/wp\/v2\/pages"}],"about":[{"href":"https:\/\/www.hugorodriguez.com\/blog\/wp-json\/wp\/v2\/types\/page"}],"author":[{"embeddable":true,"href":"https:\/\/www.hugorodriguez.com\/blog\/wp-json\/wp\/v2\/users\/1"}],"replies":[{"embeddable":true,"href":"https:\/\/www.hugorodriguez.com\/blog\/wp-json\/wp\/v2\/comments?post=1554"}],"version-history":[{"count":4,"href":"https:\/\/www.hugorodriguez.com\/blog\/wp-json\/wp\/v2\/pages\/1554\/revisions"}],"predecessor-version":[{"id":1778,"href":"https:\/\/www.hugorodriguez.com\/blog\/wp-json\/wp\/v2\/pages\/1554\/revisions\/1778"}],"up":[{"embeddable":true,"href":"https:\/\/www.hugorodriguez.com\/blog\/wp-json\/wp\/v2\/pages\/1723"}],"wp:attachment":[{"href":"https:\/\/www.hugorodriguez.com\/blog\/wp-json\/wp\/v2\/media?parent=1554"}],"curies":[{"name":"wp","href":"https:\/\/api.w.org\/{rel}","templated":true}]}}