{"id":11142,"date":"2019-08-07T17:36:00","date_gmt":"2019-08-07T15:36:00","guid":{"rendered":"https:\/\/www.hugorodriguez.com\/blog\/?page_id=11142"},"modified":"2025-11-24T14:51:54","modified_gmt":"2025-11-24T12:51:54","slug":"pide-tu-superchroma","status":"publish","type":"page","link":"https:\/\/www.hugorodriguez.com\/blog\/hr-1-superchroma-esp\/pide-tu-superchroma\/","title":{"rendered":"Pide tu SuperChroma"},"content":{"rendered":"<p><a href=\"https:\/\/www.hugorodriguez.com\/blog\/wp-content\/uploads\/2019\/06\/HR-1-SuperChroma-v25.jpg\"><img loading=\"lazy\" decoding=\"async\" class=\"aligncenter size-medium wp-image-10448\" src=\"https:\/\/www.hugorodriguez.com\/blog\/wp-content\/uploads\/2019\/06\/HR-1-SuperChroma-v25-500x379.jpg\" alt=\"\" width=\"500\" height=\"379\" srcset=\"https:\/\/www.hugorodriguez.com\/blog\/wp-content\/uploads\/2019\/06\/HR-1-SuperChroma-v25-500x379.jpg 500w, https:\/\/www.hugorodriguez.com\/blog\/wp-content\/uploads\/2019\/06\/HR-1-SuperChroma-v25-450x341.jpg 450w, https:\/\/www.hugorodriguez.com\/blog\/wp-content\/uploads\/2019\/06\/HR-1-SuperChroma-v25-80x61.jpg 80w, https:\/\/www.hugorodriguez.com\/blog\/wp-content\/uploads\/2019\/06\/HR-1-SuperChroma-v25-768x582.jpg 768w, https:\/\/www.hugorodriguez.com\/blog\/wp-content\/uploads\/2019\/06\/HR-1-SuperChroma-v25-705x534.jpg 705w, https:\/\/www.hugorodriguez.com\/blog\/wp-content\/uploads\/2019\/06\/HR-1-SuperChroma-v25.jpg 900w\" sizes=\"auto, (max-width: 500px) 100vw, 500px\" \/><\/a><\/p>\n<p>El precio con archivo de referencia promediado es de 379\u20ac. El precio con archivo personalizado es de 529\u20ac.<\/p>\n<p>Pide la tuya aqu\u00ed (es mejor evitar problemas con el anti-spam)\u00a0<strong>ENVI\u00c1NDONOS UN CORREO ELECTR\u00d3NICO A ESTA DIRECCI\u00d3N<\/strong>:<\/p>\n<p>&nbsp;<\/p>\n<p><a href=\"https:\/\/www.hugorodriguez.com\/blog\/wp-content\/uploads\/2019\/08\/email-G.png\"><img loading=\"lazy\" decoding=\"async\" class=\"aligncenter wp-image-11149 size-full\" src=\"https:\/\/www.hugorodriguez.com\/blog\/wp-content\/uploads\/2019\/08\/email-G.png\" alt=\"\" width=\"263\" height=\"47\" srcset=\"https:\/\/www.hugorodriguez.com\/blog\/wp-content\/uploads\/2019\/08\/email-G.png 263w, https:\/\/www.hugorodriguez.com\/blog\/wp-content\/uploads\/2019\/08\/email-G-80x14.png 80w, https:\/\/www.hugorodriguez.com\/blog\/wp-content\/uploads\/2019\/08\/email-G-260x47.png 260w\" sizes=\"auto, (max-width: 263px) 100vw, 263px\" \/><\/a><\/p>\n<p>&nbsp;<\/p>\n<p>O alternativamente, utiliza este formulario:[NOTA: Revisa tu carpeta de correo no deseado, nuestra respuesta podr\u00eda encontrarse alli]<\/p>\n\n<div class=\"wpcf7 no-js\" id=\"wpcf7-f11147-o1\" lang=\"es-ES\" dir=\"ltr\" data-wpcf7-id=\"11147\">\n<div class=\"screen-reader-response\"><p role=\"status\" aria-live=\"polite\" aria-atomic=\"true\"><\/p> <ul><\/ul><\/div>\n<form action=\"\/blog\/wp-json\/wp\/v2\/pages\/11142#wpcf7-f11147-o1\" method=\"post\" class=\"wpcf7-form init\" aria-label=\"Formulario de contacto\" novalidate=\"novalidate\" data-status=\"init\">\n<fieldset class=\"hidden-fields-container\"><input type=\"hidden\" name=\"_wpcf7\" value=\"11147\" \/><input type=\"hidden\" name=\"_wpcf7_version\" value=\"6.1.5\" \/><input type=\"hidden\" name=\"_wpcf7_locale\" value=\"es_ES\" \/><input type=\"hidden\" name=\"_wpcf7_unit_tag\" value=\"wpcf7-f11147-o1\" \/><input type=\"hidden\" name=\"_wpcf7_container_post\" value=\"0\" \/><input type=\"hidden\" name=\"_wpcf7_posted_data_hash\" value=\"\" \/>\n<\/fieldset>\n<p>Nombre (obligatorio)\n<\/p>\n<p><span class=\"wpcf7-form-control-wrap\" data-name=\"your-name\"><input size=\"40\" maxlength=\"400\" class=\"wpcf7-form-control wpcf7-text wpcf7-validates-as-required\" aria-required=\"true\" aria-invalid=\"false\" value=\"\" type=\"text\" name=\"your-name\" \/><\/span>\n<\/p>\n<p>E-mail (obligatorio)\n<\/p>\n<p><span class=\"wpcf7-form-control-wrap\" data-name=\"your-email\"><input size=\"40\" maxlength=\"400\" class=\"wpcf7-form-control wpcf7-email wpcf7-validates-as-required wpcf7-text wpcf7-validates-as-email\" aria-required=\"true\" aria-invalid=\"false\" value=\"\" type=\"email\" name=\"your-email\" \/><\/span>\n<\/p>\n<p>E-mail (repitelo, por favor)<br \/>\n<span class=\"wpcf7-form-control-wrap\" data-name=\"your-email2\"><input size=\"40\" maxlength=\"400\" class=\"wpcf7-form-control wpcf7-email wpcf7-validates-as-required wpcf7-text wpcf7-validates-as-email\" aria-required=\"true\" aria-invalid=\"false\" value=\"\" type=\"email\" name=\"your-email2\" \/><\/span>\n<\/p>\n<p>numbero de telefono (no olvides el prefijo de tu pais, fuera de Espa\u00f1a)\n<\/p>\n<p><span class=\"wpcf7-form-control-wrap\" data-name=\"telefono-es\"><input size=\"40\" maxlength=\"400\" class=\"wpcf7-form-control wpcf7-tel wpcf7-validates-as-required wpcf7-text wpcf7-validates-as-tel\" aria-required=\"true\" aria-invalid=\"false\" value=\"\" type=\"tel\" name=\"telefono-es\" \/><\/span>\n<\/p>\n<p>Archivo de referencia (elige uno)\n<\/p>\n<p><span class=\"wpcf7-form-control-wrap\" data-name=\"radio-ref-file-superchroma\"><span class=\"wpcf7-form-control wpcf7-radio\"><span class=\"wpcf7-list-item first\"><input type=\"radio\" name=\"radio-ref-file-superchroma\" value=\"Est\u00e1ndar\" checked=\"checked\" \/><span class=\"wpcf7-list-item-label\">Est\u00e1ndar<\/span><\/span><span class=\"wpcf7-list-item last\"><input type=\"radio\" name=\"radio-ref-file-superchroma\" value=\"Personalizado\" \/><span class=\"wpcf7-list-item-label\">Personalizado<\/span><\/span><\/span><\/span>\n<\/p>\n<p>\u00a1NOTA IMPORTANTE!\n<\/p>\n<p>Es muy probable que mi respuesta acabe en tu carpeta de spam, por favor, compru\u00e9bala en un rato si no te llega nada\n<\/p>\n<p>Numero de contacto (solo en caso de que el email de problemas). No olvides el prefijo de tu pais!\n<\/p>\n<p><span class=\"wpcf7-form-control-wrap\" data-name=\"telefono\"><input size=\"40\" maxlength=\"400\" class=\"wpcf7-form-control wpcf7-tel wpcf7-validates-as-required wpcf7-text wpcf7-validates-as-tel\" aria-required=\"true\" aria-invalid=\"false\" value=\"\" type=\"tel\" name=\"telefono\" \/><\/span>\n<\/p>\n<p>TU DIRECCI\u00d3N\n<\/p>\n<p>Calle, numero, puerta, piso...\n<\/p>\n<p><span class=\"wpcf7-form-control-wrap\" data-name=\"calle\"><textarea cols=\"40\" rows=\"1\" maxlength=\"2000\" class=\"wpcf7-form-control wpcf7-textarea wpcf7-validates-as-required\" aria-required=\"true\" aria-invalid=\"false\" name=\"calle\"><\/textarea><\/span>\n<\/p>\n<p>Ciudad, provincia\n<\/p>\n<p><span class=\"wpcf7-form-control-wrap\" data-name=\"ciudad\"><textarea cols=\"40\" rows=\"1\" maxlength=\"2000\" class=\"wpcf7-form-control wpcf7-textarea wpcf7-validates-as-required\" aria-required=\"true\" aria-invalid=\"false\" name=\"ciudad\"><\/textarea><\/span>\n<\/p>\n<p>Codigo postal\n<\/p>\n<p><span class=\"wpcf7-form-control-wrap\" data-name=\"codigopostal\"><textarea cols=\"40\" rows=\"1\" maxlength=\"2000\" class=\"wpcf7-form-control wpcf7-textarea wpcf7-validates-as-required\" aria-required=\"true\" aria-invalid=\"false\" name=\"codigopostal\"><\/textarea><\/span>\n<\/p>\n<p>Instrucciones especiales?\n<\/p>\n<p><span class=\"wpcf7-form-control-wrap\" data-name=\"comentarios\"><textarea cols=\"40\" rows=\"2\" maxlength=\"2000\" class=\"wpcf7-form-control wpcf7-textarea wpcf7-validates-as-required\" aria-required=\"true\" aria-invalid=\"false\" name=\"comentarios\"><\/textarea><\/span>\n<\/p>\n<p><input class=\"wpcf7-form-control wpcf7-submit has-spinner\" type=\"submit\" value=\"ENVIAR\" \/>\n<\/p><p style=\"display: none !important;\" class=\"akismet-fields-container\" data-prefix=\"_wpcf7_ak_\"><label>&#916;<textarea name=\"_wpcf7_ak_hp_textarea\" cols=\"45\" rows=\"8\" maxlength=\"100\"><\/textarea><\/label><input type=\"hidden\" id=\"ak_js_1\" name=\"_wpcf7_ak_js\" value=\"13\"\/><script>document.getElementById( \"ak_js_1\" ).setAttribute( \"value\", ( new Date() ).getTime() );<\/script><\/p><div class=\"wpcf7-response-output\" aria-hidden=\"true\"><\/div>\n<\/form>\n<\/div>\n\n","protected":false},"excerpt":{"rendered":"<p>El precio con archivo de referencia promediado es de 379\u20ac. El precio con archivo personalizado es de 529\u20ac. Pide la tuya aqu\u00ed (es mejor evitar problemas con el anti-spam)\u00a0ENVI\u00c1NDONOS UN CORREO ELECTR\u00d3NICO A ESTA DIRECCI\u00d3N: &nbsp; &nbsp; O alternativamente, utiliza este formulario:[NOTA: Revisa tu carpeta de correo no deseado, nuestra respuesta podr\u00eda encontrarse alli]<\/p>\n","protected":false},"author":1,"featured_media":0,"parent":10377,"menu_order":0,"comment_status":"closed","ping_status":"closed","template":"","meta":{"footnotes":""},"class_list":["post-11142","page","type-page","status-publish","hentry"],"_links":{"self":[{"href":"https:\/\/www.hugorodriguez.com\/blog\/wp-json\/wp\/v2\/pages\/11142","targetHints":{"allow":["GET"]}}],"collection":[{"href":"https:\/\/www.hugorodriguez.com\/blog\/wp-json\/wp\/v2\/pages"}],"about":[{"href":"https:\/\/www.hugorodriguez.com\/blog\/wp-json\/wp\/v2\/types\/page"}],"author":[{"embeddable":true,"href":"https:\/\/www.hugorodriguez.com\/blog\/wp-json\/wp\/v2\/users\/1"}],"replies":[{"embeddable":true,"href":"https:\/\/www.hugorodriguez.com\/blog\/wp-json\/wp\/v2\/comments?post=11142"}],"version-history":[{"count":7,"href":"https:\/\/www.hugorodriguez.com\/blog\/wp-json\/wp\/v2\/pages\/11142\/revisions"}],"predecessor-version":[{"id":29428,"href":"https:\/\/www.hugorodriguez.com\/blog\/wp-json\/wp\/v2\/pages\/11142\/revisions\/29428"}],"up":[{"embeddable":true,"href":"https:\/\/www.hugorodriguez.com\/blog\/wp-json\/wp\/v2\/pages\/10377"}],"wp:attachment":[{"href":"https:\/\/www.hugorodriguez.com\/blog\/wp-json\/wp\/v2\/media?parent=11142"}],"curies":[{"name":"wp","href":"https:\/\/api.w.org\/{rel}","templated":true}]}}